{"id":2162,"date":"2024-04-18T16:42:54","date_gmt":"2024-04-18T14:42:54","guid":{"rendered":"https:\/\/dev.vooruit.brussels\/?post_type=kandidaat&#038;p=2162"},"modified":"2024-04-22T15:57:59","modified_gmt":"2024-04-22T13:57:59","slug":"jos-bertrand","status":"publish","type":"kandidaat","link":"https:\/\/vooruit.brussels\/fr\/onze-kandidaten\/jos-bertrand\/","title":{"rendered":"11. Jos Bertrand"},"featured_media":1713,"template":"","categories":[],"class_list":["post-2162","kandidaat","type-kandidaat","status-publish","has-post-thumbnail","hentry"],"acf":[],"yoast_head":"<!-- This site is optimized with the Yoast SEO plugin v27.4 - https:\/\/yoast.com\/product\/yoast-seo-wordpress\/ -->\n<title>11. Jos Bertrand - Vooruit.brussels<\/title>\n<meta name=\"description\" content=\"Oud is niet out ! Ook als senior wil ik meebepalen aan een toekomst waar vrede, solidariteit en gelijkheid centraal staan in een wereld waar mensen zich kunnen ontplooien en inzetten.\u00a0\u00a0\" \/>\n<meta name=\"robots\" content=\"index, follow, max-snippet:-1, max-image-preview:large, max-video-preview:-1\" \/>\n<link rel=\"canonical\" href=\"https:\/\/vooruit.brussels\/fr\/onze-kandidaten\/jos-bertrand\/\" \/>\n<meta property=\"og:locale\" content=\"fr_FR\" \/>\n<meta property=\"og:type\" content=\"article\" \/>\n<meta property=\"og:title\" content=\"11. Jos Bertrand - Vooruit.brussels\" \/>\n<meta property=\"og:description\" content=\"Oud is niet out ! Ook als senior wil ik meebepalen aan een toekomst waar vrede, solidariteit en gelijkheid centraal staan in een wereld waar mensen zich kunnen ontplooien en inzetten.\u00a0\u00a0\" \/>\n<meta property=\"og:url\" content=\"https:\/\/vooruit.brussels\/fr\/onze-kandidaten\/jos-bertrand\/\" \/>\n<meta property=\"og:site_name\" content=\"Vooruit.brussels\" \/>\n<meta property=\"article:modified_time\" content=\"2024-04-22T13:57:59+00:00\" \/>\n<meta property=\"og:image\" content=\"https:\/\/vooruit.brussels\/wp-content\/uploads\/2024\/04\/EUR_BRU_EFF_11_BERTRAND_VOORUIT_3109.jpg\" \/>\n\t<meta property=\"og:image:width\" content=\"450\" \/>\n\t<meta property=\"og:image:height\" content=\"600\" \/>\n\t<meta property=\"og:image:type\" content=\"image\/jpeg\" \/>\n<meta name=\"twitter:card\" content=\"summary_large_image\" \/>\n<meta name=\"twitter:label1\" content=\"Dur\u00e9e de lecture est.\" \/>\n\t<meta name=\"twitter:data1\" content=\"1 minute\" \/>\n<script type=\"application\/ld+json\" class=\"yoast-schema-graph\">{\"@context\":\"https:\\\/\\\/schema.org\",\"@graph\":[{\"@type\":\"WebPage\",\"@id\":\"https:\\\/\\\/vooruit.brussels\\\/onze-kandidaten\\\/jos-bertrand\\\/\",\"url\":\"https:\\\/\\\/vooruit.brussels\\\/onze-kandidaten\\\/jos-bertrand\\\/\",\"name\":\"11. Jos Bertrand - Vooruit.brussels\",\"isPartOf\":{\"@id\":\"https:\\\/\\\/vooruit.brussels\\\/en\\\/#website\"},\"primaryImageOfPage\":{\"@id\":\"https:\\\/\\\/vooruit.brussels\\\/onze-kandidaten\\\/jos-bertrand\\\/#primaryimage\"},\"image\":{\"@id\":\"https:\\\/\\\/vooruit.brussels\\\/onze-kandidaten\\\/jos-bertrand\\\/#primaryimage\"},\"thumbnailUrl\":\"https:\\\/\\\/vooruit.brussels\\\/wp-content\\\/uploads\\\/2024\\\/04\\\/EUR_BRU_EFF_11_BERTRAND_VOORUIT_3109.jpg\",\"datePublished\":\"2024-04-18T14:42:54+00:00\",\"dateModified\":\"2024-04-22T13:57:59+00:00\",\"description\":\"Oud is niet out ! Ook als senior wil ik meebepalen aan een toekomst waar vrede, solidariteit en gelijkheid centraal staan in een wereld waar mensen zich kunnen ontplooien en inzetten.\u00a0\u00a0\",\"breadcrumb\":{\"@id\":\"https:\\\/\\\/vooruit.brussels\\\/onze-kandidaten\\\/jos-bertrand\\\/#breadcrumb\"},\"inLanguage\":\"fr-BE\",\"potentialAction\":[{\"@type\":\"ReadAction\",\"target\":[\"https:\\\/\\\/vooruit.brussels\\\/onze-kandidaten\\\/jos-bertrand\\\/\"]}]},{\"@type\":\"ImageObject\",\"inLanguage\":\"fr-BE\",\"@id\":\"https:\\\/\\\/vooruit.brussels\\\/onze-kandidaten\\\/jos-bertrand\\\/#primaryimage\",\"url\":\"https:\\\/\\\/vooruit.brussels\\\/wp-content\\\/uploads\\\/2024\\\/04\\\/EUR_BRU_EFF_11_BERTRAND_VOORUIT_3109.jpg\",\"contentUrl\":\"https:\\\/\\\/vooruit.brussels\\\/wp-content\\\/uploads\\\/2024\\\/04\\\/EUR_BRU_EFF_11_BERTRAND_VOORUIT_3109.jpg\",\"width\":450,\"height\":600},{\"@type\":\"BreadcrumbList\",\"@id\":\"https:\\\/\\\/vooruit.brussels\\\/onze-kandidaten\\\/jos-bertrand\\\/#breadcrumb\",\"itemListElement\":[{\"@type\":\"ListItem\",\"position\":1,\"name\":\"Accueil\",\"item\":\"https:\\\/\\\/vooruit.brussels\\\/en\\\/\"},{\"@type\":\"ListItem\",\"position\":2,\"name\":\"Kandidaten\",\"item\":\"https:\\\/\\\/vooruit.brussels\\\/en\\\/onze-kandidaten\\\/\"},{\"@type\":\"ListItem\",\"position\":3,\"name\":\"11. Jos Bertrand\"}]},{\"@type\":\"WebSite\",\"@id\":\"https:\\\/\\\/vooruit.brussels\\\/en\\\/#website\",\"url\":\"https:\\\/\\\/vooruit.brussels\\\/en\\\/\",\"name\":\"Vooruit.brussels\",\"description\":\"\",\"potentialAction\":[{\"@type\":\"SearchAction\",\"target\":{\"@type\":\"EntryPoint\",\"urlTemplate\":\"https:\\\/\\\/vooruit.brussels\\\/en\\\/?s={search_term_string}\"},\"query-input\":{\"@type\":\"PropertyValueSpecification\",\"valueRequired\":true,\"valueName\":\"search_term_string\"}}],\"inLanguage\":\"fr-BE\"}]}<\/script>\n<!-- \/ Yoast SEO plugin. -->","yoast_head_json":{"title":"11. Jos Bertrand - Vooruit.brussels","description":"Vieux, oui, mais pas hors jeu ! M\u00eame en tant que senior, je veux contribuer \u00e0 fa\u00e7onner un avenir o\u00f9 la paix, la solidarit\u00e9 et l'\u00e9galit\u00e9 sont au c\u0153ur d'un monde o\u00f9 les gens peuvent s'\u00e9panouir et s'engager.\u00a0\u00a0","robots":{"index":"index","follow":"follow","max-snippet":"max-snippet:-1","max-image-preview":"max-image-preview:large","max-video-preview":"max-video-preview:-1"},"canonical":"https:\/\/vooruit.brussels\/fr\/onze-kandidaten\/jos-bertrand\/","og_locale":"fr_FR","og_type":"article","og_title":"11. Jos Bertrand - Vooruit.brussels","og_description":"Oud is niet out ! Ook als senior wil ik meebepalen aan een toekomst waar vrede, solidariteit en gelijkheid centraal staan in een wereld waar mensen zich kunnen ontplooien en inzetten.\u00a0\u00a0","og_url":"https:\/\/vooruit.brussels\/fr\/onze-kandidaten\/jos-bertrand\/","og_site_name":"Vooruit.brussels","article_modified_time":"2024-04-22T13:57:59+00:00","og_image":[{"width":450,"height":600,"url":"https:\/\/vooruit.brussels\/wp-content\/uploads\/2024\/04\/EUR_BRU_EFF_11_BERTRAND_VOORUIT_3109.jpg","type":"image\/jpeg"}],"twitter_card":"summary_large_image","twitter_misc":{"Dur\u00e9e de lecture est.":"1 minute"},"schema":{"@context":"https:\/\/schema.org","@graph":[{"@type":"WebPage","@id":"https:\/\/vooruit.brussels\/onze-kandidaten\/jos-bertrand\/","url":"https:\/\/vooruit.brussels\/onze-kandidaten\/jos-bertrand\/","name":"11. Jos Bertrand - Vooruit.brussels","isPartOf":{"@id":"https:\/\/vooruit.brussels\/en\/#website"},"primaryImageOfPage":{"@id":"https:\/\/vooruit.brussels\/onze-kandidaten\/jos-bertrand\/#primaryimage"},"image":{"@id":"https:\/\/vooruit.brussels\/onze-kandidaten\/jos-bertrand\/#primaryimage"},"thumbnailUrl":"https:\/\/vooruit.brussels\/wp-content\/uploads\/2024\/04\/EUR_BRU_EFF_11_BERTRAND_VOORUIT_3109.jpg","datePublished":"2024-04-18T14:42:54+00:00","dateModified":"2024-04-22T13:57:59+00:00","description":"Vieux, oui, mais pas hors jeu ! M\u00eame en tant que senior, je veux contribuer \u00e0 fa\u00e7onner un avenir o\u00f9 la paix, la solidarit\u00e9 et l'\u00e9galit\u00e9 sont au c\u0153ur d'un monde o\u00f9 les gens peuvent s'\u00e9panouir et s'engager.\u00a0\u00a0","breadcrumb":{"@id":"https:\/\/vooruit.brussels\/onze-kandidaten\/jos-bertrand\/#breadcrumb"},"inLanguage":"fr-BE","potentialAction":[{"@type":"ReadAction","target":["https:\/\/vooruit.brussels\/onze-kandidaten\/jos-bertrand\/"]}]},{"@type":"ImageObject","inLanguage":"fr-BE","@id":"https:\/\/vooruit.brussels\/onze-kandidaten\/jos-bertrand\/#primaryimage","url":"https:\/\/vooruit.brussels\/wp-content\/uploads\/2024\/04\/EUR_BRU_EFF_11_BERTRAND_VOORUIT_3109.jpg","contentUrl":"https:\/\/vooruit.brussels\/wp-content\/uploads\/2024\/04\/EUR_BRU_EFF_11_BERTRAND_VOORUIT_3109.jpg","width":450,"height":600},{"@type":"BreadcrumbList","@id":"https:\/\/vooruit.brussels\/onze-kandidaten\/jos-bertrand\/#breadcrumb","itemListElement":[{"@type":"ListItem","position":1,"name":"Accueil","item":"https:\/\/vooruit.brussels\/en\/"},{"@type":"ListItem","position":2,"name":"Kandidaten","item":"https:\/\/vooruit.brussels\/en\/onze-kandidaten\/"},{"@type":"ListItem","position":3,"name":"11. Jos Bertrand"}]},{"@type":"WebSite","@id":"https:\/\/vooruit.brussels\/en\/#website","url":"https:\/\/vooruit.brussels\/en\/","name":"Vooruit.brussels","description":"","potentialAction":[{"@type":"SearchAction","target":{"@type":"EntryPoint","urlTemplate":"https:\/\/vooruit.brussels\/en\/?s={search_term_string}"},"query-input":{"@type":"PropertyValueSpecification","valueRequired":true,"valueName":"search_term_string"}}],"inLanguage":"fr-BE"}]}},"_links":{"self":[{"href":"https:\/\/vooruit.brussels\/fr\/wp-json\/wp\/v2\/kandidaat\/2162","targetHints":{"allow":["GET"]}}],"collection":[{"href":"https:\/\/vooruit.brussels\/fr\/wp-json\/wp\/v2\/kandidaat"}],"about":[{"href":"https:\/\/vooruit.brussels\/fr\/wp-json\/wp\/v2\/types\/kandidaat"}],"wp:featuredmedia":[{"embeddable":true,"href":"https:\/\/vooruit.brussels\/fr\/wp-json\/wp\/v2\/media\/1713"}],"wp:attachment":[{"href":"https:\/\/vooruit.brussels\/fr\/wp-json\/wp\/v2\/media?parent=2162"}],"wp:term":[{"taxonomy":"category","embeddable":true,"href":"https:\/\/vooruit.brussels\/fr\/wp-json\/wp\/v2\/categories?post=2162"}],"curies":[{"name":"wp","href":"https:\/\/api.w.org\/{rel}","templated":true}]}}

<!-- This site is optimized with the Yoast SEO plugin v27.4 - https://yoast.com/product/yoast-seo-wordpress/ -->
<title>11. Jos Bertrand - Vooruit.brussels</title>
<meta name="description" content="Oud is niet out ! Ook als senior wil ik meebepalen aan een toekomst waar vrede, solidariteit en gelijkheid centraal staan in een wereld waar mensen zich kunnen ontplooien en inzetten.  " />
<meta name="robots" content="index, follow, max-snippet:-1, max-image-preview:large, max-video-preview:-1" />
<link rel="canonical" href="https://vooruit.brussels/fr/onze-kandidaten/jos-bertrand/" />
<meta property="og:locale" content="fr_FR" />
<meta property="og:type" content="article" />
<meta property="og:title" content="11. Jos Bertrand - Vooruit.brussels" />
<meta property="og:description" content="Oud is niet out ! Ook als senior wil ik meebepalen aan een toekomst waar vrede, solidariteit en gelijkheid centraal staan in een wereld waar mensen zich kunnen ontplooien en inzetten.  " />
<meta property="og:url" content="https://vooruit.brussels/fr/onze-kandidaten/jos-bertrand/" />
<meta property="og:site_name" content="Vooruit.brussels" />
<meta property="article:modified_time" content="2024-04-22T13:57:59+00:00" />
<meta property="og:image" content="https://vooruit.brussels/wp-content/uploads/2024/04/EUR_BRU_EFF_11_BERTRAND_VOORUIT_3109.jpg" />
	<meta property="og:image:width" content="450" />
	<meta property="og:image:height" content="600" />
	<meta property="og:image:type" content="image/jpeg" />
<meta name="twitter:card" content="summary_large_image" />
<meta name="twitter:label1" content="Durée de lecture est." />
	<meta name="twitter:data1" content="1 minute" />
<script type="application/ld+json" class="yoast-schema-graph">{"@context":"https:\/\/schema.org","@graph":[{"@type":"WebPage","@id":"https:\/\/vooruit.brussels\/onze-kandidaten\/jos-bertrand\/","url":"https:\/\/vooruit.brussels\/onze-kandidaten\/jos-bertrand\/","name":"11. Jos Bertrand - Vooruit.brussels","isPartOf":{"@id":"https:\/\/vooruit.brussels\/en\/#website"},"primaryImageOfPage":{"@id":"https:\/\/vooruit.brussels\/onze-kandidaten\/jos-bertrand\/#primaryimage"},"image":{"@id":"https:\/\/vooruit.brussels\/onze-kandidaten\/jos-bertrand\/#primaryimage"},"thumbnailUrl":"https:\/\/vooruit.brussels\/wp-content\/uploads\/2024\/04\/EUR_BRU_EFF_11_BERTRAND_VOORUIT_3109.jpg","datePublished":"2024-04-18T14:42:54+00:00","dateModified":"2024-04-22T13:57:59+00:00","description":"Oud is niet out ! Ook als senior wil ik meebepalen aan een toekomst waar vrede, solidariteit en gelijkheid centraal staan in een wereld waar mensen zich kunnen ontplooien en inzetten.  ","breadcrumb":{"@id":"https:\/\/vooruit.brussels\/onze-kandidaten\/jos-bertrand\/#breadcrumb"},"inLanguage":"fr-BE","potentialAction":[{"@type":"ReadAction","target":["https:\/\/vooruit.brussels\/onze-kandidaten\/jos-bertrand\/"]}]},{"@type":"ImageObject","inLanguage":"fr-BE","@id":"https:\/\/vooruit.brussels\/onze-kandidaten\/jos-bertrand\/#primaryimage","url":"https:\/\/vooruit.brussels\/wp-content\/uploads\/2024\/04\/EUR_BRU_EFF_11_BERTRAND_VOORUIT_3109.jpg","contentUrl":"https:\/\/vooruit.brussels\/wp-content\/uploads\/2024\/04\/EUR_BRU_EFF_11_BERTRAND_VOORUIT_3109.jpg","width":450,"height":600},{"@type":"BreadcrumbList","@id":"https:\/\/vooruit.brussels\/onze-kandidaten\/jos-bertrand\/#breadcrumb","itemListElement":[{"@type":"ListItem","position":1,"name":"Accueil","item":"https:\/\/vooruit.brussels\/en\/"},{"@type":"ListItem","position":2,"name":"Kandidaten","item":"https:\/\/vooruit.brussels\/en\/onze-kandidaten\/"},{"@type":"ListItem","position":3,"name":"11. Jos Bertrand"}]},{"@type":"WebSite","@id":"https:\/\/vooruit.brussels\/en\/#website","url":"https:\/\/vooruit.brussels\/en\/","name":"Vooruit.brussels","description":"","potentialAction":[{"@type":"SearchAction","target":{"@type":"EntryPoint","urlTemplate":"https:\/\/vooruit.brussels\/en\/?s={search_term_string}"},"query-input":{"@type":"PropertyValueSpecification","valueRequired":true,"valueName":"search_term_string"}}],"inLanguage":"fr-BE"}]}</script>
<!-- / Yoast SEO plugin. -->

Vieux, oui, mais pas hors jeu ! Même en tant que senior, je veux contribuer à façonner un avenir où la paix, la solidarité et l'égalité sont au cœur d'un monde où les gens peuvent s'épanouir et s'engager.
