{"id":2164,"date":"2024-04-18T16:59:16","date_gmt":"2024-04-18T14:59:16","guid":{"rendered":"https:\/\/dev.vooruit.brussels\/?post_type=kandidaat&#038;p=2164"},"modified":"2024-04-22T15:57:48","modified_gmt":"2024-04-22T13:57:48","slug":"patricia-rodriguesdacosta","status":"publish","type":"kandidaat","link":"https:\/\/vooruit.brussels\/fr\/onze-kandidaten\/patricia-rodriguesdacosta\/","title":{"rendered":"13. Patricia Rodrigues da Costa"},"featured_media":1699,"template":"","categories":[],"class_list":["post-2164","kandidaat","type-kandidaat","status-publish","has-post-thumbnail","hentry"],"acf":[],"yoast_head":"<!-- This site is optimized with the Yoast SEO plugin v27.4 - https:\/\/yoast.com\/product\/yoast-seo-wordpress\/ -->\n<title>13. Patricia Rodrigues da Costa - Vooruit.brussels<\/title>\n<meta name=\"description\" content=\"Iedereen moet zich hier thuis en veilig voelen en dat in een propere omgeving. Ik droom dat mijn kinderen zich vrij en veilig in Brussel kunnen bewegen. Een verbeterd, veilig en uitgebreid openbaar vervoer en een inclusievere samenleving met gelijke kansen voor iedereen zijn mijn idealen.\u00a0\" \/>\n<meta name=\"robots\" content=\"index, follow, max-snippet:-1, max-image-preview:large, max-video-preview:-1\" \/>\n<link rel=\"canonical\" href=\"https:\/\/vooruit.brussels\/fr\/onze-kandidaten\/patricia-rodriguesdacosta\/\" \/>\n<meta property=\"og:locale\" content=\"fr_FR\" \/>\n<meta property=\"og:type\" content=\"article\" \/>\n<meta property=\"og:title\" content=\"13. Patricia Rodrigues da Costa - Vooruit.brussels\" \/>\n<meta property=\"og:description\" content=\"Iedereen moet zich hier thuis en veilig voelen en dat in een propere omgeving. Ik droom dat mijn kinderen zich vrij en veilig in Brussel kunnen bewegen. Een verbeterd, veilig en uitgebreid openbaar vervoer en een inclusievere samenleving met gelijke kansen voor iedereen zijn mijn idealen.\u00a0\" \/>\n<meta property=\"og:url\" content=\"https:\/\/vooruit.brussels\/fr\/onze-kandidaten\/patricia-rodriguesdacosta\/\" \/>\n<meta property=\"og:site_name\" content=\"Vooruit.brussels\" \/>\n<meta property=\"article:modified_time\" content=\"2024-04-22T13:57:48+00:00\" \/>\n<meta property=\"og:image\" content=\"https:\/\/vooruit.brussels\/wp-content\/uploads\/2024\/04\/BRU_FED_EFF_13_RODRIGUESDACOSTA_S.jpg\" \/>\n\t<meta property=\"og:image:width\" content=\"450\" \/>\n\t<meta property=\"og:image:height\" content=\"600\" \/>\n\t<meta property=\"og:image:type\" content=\"image\/jpeg\" \/>\n<meta name=\"twitter:card\" content=\"summary_large_image\" \/>\n<meta name=\"twitter:label1\" content=\"Dur\u00e9e de lecture est.\" \/>\n\t<meta name=\"twitter:data1\" content=\"1 minute\" \/>\n<script type=\"application\/ld+json\" class=\"yoast-schema-graph\">{\"@context\":\"https:\\\/\\\/schema.org\",\"@graph\":[{\"@type\":\"WebPage\",\"@id\":\"https:\\\/\\\/vooruit.brussels\\\/fr\\\/onze-kandidaten\\\/patricia-rodriguesdacosta\\\/\",\"url\":\"https:\\\/\\\/vooruit.brussels\\\/fr\\\/onze-kandidaten\\\/patricia-rodriguesdacosta\\\/\",\"name\":\"13. Patricia Rodrigues da Costa - Vooruit.brussels\",\"isPartOf\":{\"@id\":\"https:\\\/\\\/vooruit.brussels\\\/en\\\/#website\"},\"primaryImageOfPage\":{\"@id\":\"https:\\\/\\\/vooruit.brussels\\\/fr\\\/onze-kandidaten\\\/patricia-rodriguesdacosta\\\/#primaryimage\"},\"image\":{\"@id\":\"https:\\\/\\\/vooruit.brussels\\\/fr\\\/onze-kandidaten\\\/patricia-rodriguesdacosta\\\/#primaryimage\"},\"thumbnailUrl\":\"https:\\\/\\\/vooruit.brussels\\\/wp-content\\\/uploads\\\/2024\\\/04\\\/BRU_FED_EFF_13_RODRIGUESDACOSTA_S.jpg\",\"datePublished\":\"2024-04-18T14:59:16+00:00\",\"dateModified\":\"2024-04-22T13:57:48+00:00\",\"description\":\"Iedereen moet zich hier thuis en veilig voelen en dat in een propere omgeving. Ik droom dat mijn kinderen zich vrij en veilig in Brussel kunnen bewegen. Een verbeterd, veilig en uitgebreid openbaar vervoer en een inclusievere samenleving met gelijke kansen voor iedereen zijn mijn idealen.\u00a0\",\"breadcrumb\":{\"@id\":\"https:\\\/\\\/vooruit.brussels\\\/fr\\\/onze-kandidaten\\\/patricia-rodriguesdacosta\\\/#breadcrumb\"},\"inLanguage\":\"fr-BE\",\"potentialAction\":[{\"@type\":\"ReadAction\",\"target\":[\"https:\\\/\\\/vooruit.brussels\\\/fr\\\/onze-kandidaten\\\/patricia-rodriguesdacosta\\\/\"]}]},{\"@type\":\"ImageObject\",\"inLanguage\":\"fr-BE\",\"@id\":\"https:\\\/\\\/vooruit.brussels\\\/fr\\\/onze-kandidaten\\\/patricia-rodriguesdacosta\\\/#primaryimage\",\"url\":\"https:\\\/\\\/vooruit.brussels\\\/wp-content\\\/uploads\\\/2024\\\/04\\\/BRU_FED_EFF_13_RODRIGUESDACOSTA_S.jpg\",\"contentUrl\":\"https:\\\/\\\/vooruit.brussels\\\/wp-content\\\/uploads\\\/2024\\\/04\\\/BRU_FED_EFF_13_RODRIGUESDACOSTA_S.jpg\",\"width\":450,\"height\":600},{\"@type\":\"BreadcrumbList\",\"@id\":\"https:\\\/\\\/vooruit.brussels\\\/fr\\\/onze-kandidaten\\\/patricia-rodriguesdacosta\\\/#breadcrumb\",\"itemListElement\":[{\"@type\":\"ListItem\",\"position\":1,\"name\":\"Accueil\",\"item\":\"https:\\\/\\\/vooruit.brussels\\\/en\\\/\"},{\"@type\":\"ListItem\",\"position\":2,\"name\":\"Kandidaten\",\"item\":\"https:\\\/\\\/vooruit.brussels\\\/en\\\/onze-kandidaten\\\/\"},{\"@type\":\"ListItem\",\"position\":3,\"name\":\"13. Patricia Rodrigues da Costa\"}]},{\"@type\":\"WebSite\",\"@id\":\"https:\\\/\\\/vooruit.brussels\\\/en\\\/#website\",\"url\":\"https:\\\/\\\/vooruit.brussels\\\/en\\\/\",\"name\":\"Vooruit.brussels\",\"description\":\"\",\"potentialAction\":[{\"@type\":\"SearchAction\",\"target\":{\"@type\":\"EntryPoint\",\"urlTemplate\":\"https:\\\/\\\/vooruit.brussels\\\/en\\\/?s={search_term_string}\"},\"query-input\":{\"@type\":\"PropertyValueSpecification\",\"valueRequired\":true,\"valueName\":\"search_term_string\"}}],\"inLanguage\":\"fr-BE\"}]}<\/script>\n<!-- \/ Yoast SEO plugin. -->","yoast_head_json":{"title":"13. Patricia Rodrigues da Costa - Vooruit.brussels","description":"Tout le monde devrait pouvoir se sentir \u00e0 l\u2019aise et en s\u00e9curit\u00e9, dans un environnement propre. Mon r\u00eave est que mes enfants puissent se d\u00e9placer librement et en toute s\u00e9curit\u00e9 dans les rues de Bruxelles. Je r\u00eave d\u2019un r\u00e9seau de transports en commun am\u00e9lior\u00e9, mieux s\u00e9curis\u00e9 et \u00e9tendu, ainsi que d\u2019une soci\u00e9t\u00e9 plus inclusive qui offre les m\u00eames opportunit\u00e9s pour tous.\u00a0","robots":{"index":"index","follow":"follow","max-snippet":"max-snippet:-1","max-image-preview":"max-image-preview:large","max-video-preview":"max-video-preview:-1"},"canonical":"https:\/\/vooruit.brussels\/fr\/onze-kandidaten\/patricia-rodriguesdacosta\/","og_locale":"fr_FR","og_type":"article","og_title":"13. Patricia Rodrigues da Costa - Vooruit.brussels","og_description":"Iedereen moet zich hier thuis en veilig voelen en dat in een propere omgeving. Ik droom dat mijn kinderen zich vrij en veilig in Brussel kunnen bewegen. Een verbeterd, veilig en uitgebreid openbaar vervoer en een inclusievere samenleving met gelijke kansen voor iedereen zijn mijn idealen.\u00a0","og_url":"https:\/\/vooruit.brussels\/fr\/onze-kandidaten\/patricia-rodriguesdacosta\/","og_site_name":"Vooruit.brussels","article_modified_time":"2024-04-22T13:57:48+00:00","og_image":[{"width":450,"height":600,"url":"https:\/\/vooruit.brussels\/wp-content\/uploads\/2024\/04\/BRU_FED_EFF_13_RODRIGUESDACOSTA_S.jpg","type":"image\/jpeg"}],"twitter_card":"summary_large_image","twitter_misc":{"Dur\u00e9e de lecture est.":"1 minute"},"schema":{"@context":"https:\/\/schema.org","@graph":[{"@type":"WebPage","@id":"https:\/\/vooruit.brussels\/fr\/onze-kandidaten\/patricia-rodriguesdacosta\/","url":"https:\/\/vooruit.brussels\/fr\/onze-kandidaten\/patricia-rodriguesdacosta\/","name":"13. Patricia Rodrigues da Costa - Vooruit.brussels","isPartOf":{"@id":"https:\/\/vooruit.brussels\/en\/#website"},"primaryImageOfPage":{"@id":"https:\/\/vooruit.brussels\/fr\/onze-kandidaten\/patricia-rodriguesdacosta\/#primaryimage"},"image":{"@id":"https:\/\/vooruit.brussels\/fr\/onze-kandidaten\/patricia-rodriguesdacosta\/#primaryimage"},"thumbnailUrl":"https:\/\/vooruit.brussels\/wp-content\/uploads\/2024\/04\/BRU_FED_EFF_13_RODRIGUESDACOSTA_S.jpg","datePublished":"2024-04-18T14:59:16+00:00","dateModified":"2024-04-22T13:57:48+00:00","description":"Tout le monde devrait pouvoir se sentir \u00e0 l\u2019aise et en s\u00e9curit\u00e9, dans un environnement propre. Mon r\u00eave est que mes enfants puissent se d\u00e9placer librement et en toute s\u00e9curit\u00e9 dans les rues de Bruxelles. Je r\u00eave d\u2019un r\u00e9seau de transports en commun am\u00e9lior\u00e9, mieux s\u00e9curis\u00e9 et \u00e9tendu, ainsi que d\u2019une soci\u00e9t\u00e9 plus inclusive qui offre les m\u00eames opportunit\u00e9s pour tous.\u00a0","breadcrumb":{"@id":"https:\/\/vooruit.brussels\/fr\/onze-kandidaten\/patricia-rodriguesdacosta\/#breadcrumb"},"inLanguage":"fr-BE","potentialAction":[{"@type":"ReadAction","target":["https:\/\/vooruit.brussels\/fr\/onze-kandidaten\/patricia-rodriguesdacosta\/"]}]},{"@type":"ImageObject","inLanguage":"fr-BE","@id":"https:\/\/vooruit.brussels\/fr\/onze-kandidaten\/patricia-rodriguesdacosta\/#primaryimage","url":"https:\/\/vooruit.brussels\/wp-content\/uploads\/2024\/04\/BRU_FED_EFF_13_RODRIGUESDACOSTA_S.jpg","contentUrl":"https:\/\/vooruit.brussels\/wp-content\/uploads\/2024\/04\/BRU_FED_EFF_13_RODRIGUESDACOSTA_S.jpg","width":450,"height":600},{"@type":"BreadcrumbList","@id":"https:\/\/vooruit.brussels\/fr\/onze-kandidaten\/patricia-rodriguesdacosta\/#breadcrumb","itemListElement":[{"@type":"ListItem","position":1,"name":"Accueil","item":"https:\/\/vooruit.brussels\/en\/"},{"@type":"ListItem","position":2,"name":"Kandidaten","item":"https:\/\/vooruit.brussels\/en\/onze-kandidaten\/"},{"@type":"ListItem","position":3,"name":"13. Patricia Rodrigues da Costa"}]},{"@type":"WebSite","@id":"https:\/\/vooruit.brussels\/en\/#website","url":"https:\/\/vooruit.brussels\/en\/","name":"Vooruit.brussels","description":"","potentialAction":[{"@type":"SearchAction","target":{"@type":"EntryPoint","urlTemplate":"https:\/\/vooruit.brussels\/en\/?s={search_term_string}"},"query-input":{"@type":"PropertyValueSpecification","valueRequired":true,"valueName":"search_term_string"}}],"inLanguage":"fr-BE"}]}},"_links":{"self":[{"href":"https:\/\/vooruit.brussels\/fr\/wp-json\/wp\/v2\/kandidaat\/2164","targetHints":{"allow":["GET"]}}],"collection":[{"href":"https:\/\/vooruit.brussels\/fr\/wp-json\/wp\/v2\/kandidaat"}],"about":[{"href":"https:\/\/vooruit.brussels\/fr\/wp-json\/wp\/v2\/types\/kandidaat"}],"wp:featuredmedia":[{"embeddable":true,"href":"https:\/\/vooruit.brussels\/fr\/wp-json\/wp\/v2\/media\/1699"}],"wp:attachment":[{"href":"https:\/\/vooruit.brussels\/fr\/wp-json\/wp\/v2\/media?parent=2164"}],"wp:term":[{"taxonomy":"category","embeddable":true,"href":"https:\/\/vooruit.brussels\/fr\/wp-json\/wp\/v2\/categories?post=2164"}],"curies":[{"name":"wp","href":"https:\/\/api.w.org\/{rel}","templated":true}]}}

<!-- This site is optimized with the Yoast SEO plugin v27.4 - https://yoast.com/product/yoast-seo-wordpress/ -->
<title>13. Patricia Rodrigues da Costa - Vooruit.brussels</title>
<meta name="description" content="Iedereen moet zich hier thuis en veilig voelen en dat in een propere omgeving. Ik droom dat mijn kinderen zich vrij en veilig in Brussel kunnen bewegen. Een verbeterd, veilig en uitgebreid openbaar vervoer en een inclusievere samenleving met gelijke kansen voor iedereen zijn mijn idealen. " />
<meta name="robots" content="index, follow, max-snippet:-1, max-image-preview:large, max-video-preview:-1" />
<link rel="canonical" href="https://vooruit.brussels/fr/onze-kandidaten/patricia-rodriguesdacosta/" />
<meta property="og:locale" content="fr_FR" />
<meta property="og:type" content="article" />
<meta property="og:title" content="13. Patricia Rodrigues da Costa - Vooruit.brussels" />
<meta property="og:description" content="Iedereen moet zich hier thuis en veilig voelen en dat in een propere omgeving. Ik droom dat mijn kinderen zich vrij en veilig in Brussel kunnen bewegen. Een verbeterd, veilig en uitgebreid openbaar vervoer en een inclusievere samenleving met gelijke kansen voor iedereen zijn mijn idealen. " />
<meta property="og:url" content="https://vooruit.brussels/fr/onze-kandidaten/patricia-rodriguesdacosta/" />
<meta property="og:site_name" content="Vooruit.brussels" />
<meta property="article:modified_time" content="2024-04-22T13:57:48+00:00" />
<meta property="og:image" content="https://vooruit.brussels/wp-content/uploads/2024/04/BRU_FED_EFF_13_RODRIGUESDACOSTA_S.jpg" />
	<meta property="og:image:width" content="450" />
	<meta property="og:image:height" content="600" />
	<meta property="og:image:type" content="image/jpeg" />
<meta name="twitter:card" content="summary_large_image" />
<meta name="twitter:label1" content="Durée de lecture est." />
	<meta name="twitter:data1" content="1 minute" />
<script type="application/ld+json" class="yoast-schema-graph">{"@context":"https:\/\/schema.org","@graph":[{"@type":"WebPage","@id":"https:\/\/vooruit.brussels\/fr\/onze-kandidaten\/patricia-rodriguesdacosta\/","url":"https:\/\/vooruit.brussels\/fr\/onze-kandidaten\/patricia-rodriguesdacosta\/","name":"13. Patricia Rodrigues da Costa - Vooruit.brussels","isPartOf":{"@id":"https:\/\/vooruit.brussels\/en\/#website"},"primaryImageOfPage":{"@id":"https:\/\/vooruit.brussels\/fr\/onze-kandidaten\/patricia-rodriguesdacosta\/#primaryimage"},"image":{"@id":"https:\/\/vooruit.brussels\/fr\/onze-kandidaten\/patricia-rodriguesdacosta\/#primaryimage"},"thumbnailUrl":"https:\/\/vooruit.brussels\/wp-content\/uploads\/2024\/04\/BRU_FED_EFF_13_RODRIGUESDACOSTA_S.jpg","datePublished":"2024-04-18T14:59:16+00:00","dateModified":"2024-04-22T13:57:48+00:00","description":"Iedereen moet zich hier thuis en veilig voelen en dat in een propere omgeving. Ik droom dat mijn kinderen zich vrij en veilig in Brussel kunnen bewegen. Een verbeterd, veilig en uitgebreid openbaar vervoer en een inclusievere samenleving met gelijke kansen voor iedereen zijn mijn idealen. ","breadcrumb":{"@id":"https:\/\/vooruit.brussels\/fr\/onze-kandidaten\/patricia-rodriguesdacosta\/#breadcrumb"},"inLanguage":"fr-BE","potentialAction":[{"@type":"ReadAction","target":["https:\/\/vooruit.brussels\/fr\/onze-kandidaten\/patricia-rodriguesdacosta\/"]}]},{"@type":"ImageObject","inLanguage":"fr-BE","@id":"https:\/\/vooruit.brussels\/fr\/onze-kandidaten\/patricia-rodriguesdacosta\/#primaryimage","url":"https:\/\/vooruit.brussels\/wp-content\/uploads\/2024\/04\/BRU_FED_EFF_13_RODRIGUESDACOSTA_S.jpg","contentUrl":"https:\/\/vooruit.brussels\/wp-content\/uploads\/2024\/04\/BRU_FED_EFF_13_RODRIGUESDACOSTA_S.jpg","width":450,"height":600},{"@type":"BreadcrumbList","@id":"https:\/\/vooruit.brussels\/fr\/onze-kandidaten\/patricia-rodriguesdacosta\/#breadcrumb","itemListElement":[{"@type":"ListItem","position":1,"name":"Accueil","item":"https:\/\/vooruit.brussels\/en\/"},{"@type":"ListItem","position":2,"name":"Kandidaten","item":"https:\/\/vooruit.brussels\/en\/onze-kandidaten\/"},{"@type":"ListItem","position":3,"name":"13. Patricia Rodrigues da Costa"}]},{"@type":"WebSite","@id":"https:\/\/vooruit.brussels\/en\/#website","url":"https:\/\/vooruit.brussels\/en\/","name":"Vooruit.brussels","description":"","potentialAction":[{"@type":"SearchAction","target":{"@type":"EntryPoint","urlTemplate":"https:\/\/vooruit.brussels\/en\/?s={search_term_string}"},"query-input":{"@type":"PropertyValueSpecification","valueRequired":true,"valueName":"search_term_string"}}],"inLanguage":"fr-BE"}]}</script>
<!-- / Yoast SEO plugin. -->

Tout le monde devrait pouvoir se sentir à l’aise et en sécurité, dans un environnement propre. Mon rêve est que mes enfants puissent se déplacer librement et en toute sécurité dans les rues de Bruxelles. Je rêve d’un réseau de transports en commun amélioré, mieux sécurisé et étendu, ainsi que d’une société plus inclusive qui offre les mêmes opportunités pour tous.
