{"id":2201,"date":"2024-04-18T21:44:15","date_gmt":"2024-04-18T19:44:15","guid":{"rendered":"https:\/\/dev.vooruit.brussels\/?post_type=kandidaat&#038;p=2201"},"modified":"2024-04-18T21:55:25","modified_gmt":"2024-04-18T19:55:25","slug":"zeynep-balci","status":"publish","type":"kandidaat","link":"https:\/\/vooruit.brussels\/fr\/onze-kandidaten\/zeynep-balci\/","title":{"rendered":"1. Zeynep Balci"},"featured_media":1706,"template":"","categories":[],"class_list":["post-2201","kandidaat","type-kandidaat","status-publish","has-post-thumbnail","hentry","layout_tag-opvolger"],"acf":[],"yoast_head":"<!-- This site is optimized with the Yoast SEO plugin v27.4 - https:\/\/yoast.com\/product\/yoast-seo-wordpress\/ -->\n<title>1. Zeynep Balci - Vooruit.brussels<\/title>\n<meta name=\"description\" content=\"Zeynep is politicologe en woordvoerder van Brussels minister-president Rudi Vervoort. Als oprichtster van Regenboogrood, het LGBT-netwerk van Vooruit, strijdt ze voor gelijke kansen voor iedereen ongeacht afkomst, religie, kleur, etniciteit of seksuele voorkeur.\u00a0\u00a0\" \/>\n<meta name=\"robots\" content=\"index, follow, max-snippet:-1, max-image-preview:large, max-video-preview:-1\" \/>\n<link rel=\"canonical\" href=\"https:\/\/vooruit.brussels\/fr\/onze-kandidaten\/zeynep-balci\/\" \/>\n<meta property=\"og:locale\" content=\"fr_FR\" \/>\n<meta property=\"og:type\" content=\"article\" \/>\n<meta property=\"og:title\" content=\"1. Zeynep Balci - Vooruit.brussels\" \/>\n<meta property=\"og:description\" content=\"Zeynep is politicologe en woordvoerder van Brussels minister-president Rudi Vervoort. Als oprichtster van Regenboogrood, het LGBT-netwerk van Vooruit, strijdt ze voor gelijke kansen voor iedereen ongeacht afkomst, religie, kleur, etniciteit of seksuele voorkeur.\u00a0\u00a0\" \/>\n<meta property=\"og:url\" content=\"https:\/\/vooruit.brussels\/fr\/onze-kandidaten\/zeynep-balci\/\" \/>\n<meta property=\"og:site_name\" content=\"Vooruit.brussels\" \/>\n<meta property=\"article:modified_time\" content=\"2024-04-18T19:55:25+00:00\" \/>\n<meta property=\"og:image\" content=\"https:\/\/vooruit.brussels\/wp-content\/uploads\/2024\/04\/BRU_VLA_OPV_01_BALCI_S.jpg\" \/>\n\t<meta property=\"og:image:width\" content=\"450\" \/>\n\t<meta property=\"og:image:height\" content=\"600\" \/>\n\t<meta property=\"og:image:type\" content=\"image\/jpeg\" \/>\n<meta name=\"twitter:card\" content=\"summary_large_image\" \/>\n<meta name=\"twitter:label1\" content=\"Dur\u00e9e de lecture est.\" \/>\n\t<meta name=\"twitter:data1\" content=\"1 minute\" \/>\n<script type=\"application\/ld+json\" class=\"yoast-schema-graph\">{\"@context\":\"https:\\\/\\\/schema.org\",\"@graph\":[{\"@type\":\"WebPage\",\"@id\":\"https:\\\/\\\/vooruit.brussels\\\/en\\\/onze-kandidaten\\\/zeynep-balci\\\/\",\"url\":\"https:\\\/\\\/vooruit.brussels\\\/en\\\/onze-kandidaten\\\/zeynep-balci\\\/\",\"name\":\"1. Zeynep Balci - Vooruit.brussels\",\"isPartOf\":{\"@id\":\"https:\\\/\\\/vooruit.brussels\\\/en\\\/#website\"},\"primaryImageOfPage\":{\"@id\":\"https:\\\/\\\/vooruit.brussels\\\/en\\\/onze-kandidaten\\\/zeynep-balci\\\/#primaryimage\"},\"image\":{\"@id\":\"https:\\\/\\\/vooruit.brussels\\\/en\\\/onze-kandidaten\\\/zeynep-balci\\\/#primaryimage\"},\"thumbnailUrl\":\"https:\\\/\\\/vooruit.brussels\\\/wp-content\\\/uploads\\\/2024\\\/04\\\/BRU_VLA_OPV_01_BALCI_S.jpg\",\"datePublished\":\"2024-04-18T19:44:15+00:00\",\"dateModified\":\"2024-04-18T19:55:25+00:00\",\"description\":\"Zeynep is politicologe en woordvoerder van Brussels minister-president Rudi Vervoort. Als oprichtster van Regenboogrood, het LGBT-netwerk van Vooruit, strijdt ze voor gelijke kansen voor iedereen ongeacht afkomst, religie, kleur, etniciteit of seksuele voorkeur.\u00a0\u00a0\",\"breadcrumb\":{\"@id\":\"https:\\\/\\\/vooruit.brussels\\\/en\\\/onze-kandidaten\\\/zeynep-balci\\\/#breadcrumb\"},\"inLanguage\":\"fr-BE\",\"potentialAction\":[{\"@type\":\"ReadAction\",\"target\":[\"https:\\\/\\\/vooruit.brussels\\\/en\\\/onze-kandidaten\\\/zeynep-balci\\\/\"]}]},{\"@type\":\"ImageObject\",\"inLanguage\":\"fr-BE\",\"@id\":\"https:\\\/\\\/vooruit.brussels\\\/en\\\/onze-kandidaten\\\/zeynep-balci\\\/#primaryimage\",\"url\":\"https:\\\/\\\/vooruit.brussels\\\/wp-content\\\/uploads\\\/2024\\\/04\\\/BRU_VLA_OPV_01_BALCI_S.jpg\",\"contentUrl\":\"https:\\\/\\\/vooruit.brussels\\\/wp-content\\\/uploads\\\/2024\\\/04\\\/BRU_VLA_OPV_01_BALCI_S.jpg\",\"width\":450,\"height\":600},{\"@type\":\"BreadcrumbList\",\"@id\":\"https:\\\/\\\/vooruit.brussels\\\/en\\\/onze-kandidaten\\\/zeynep-balci\\\/#breadcrumb\",\"itemListElement\":[{\"@type\":\"ListItem\",\"position\":1,\"name\":\"Accueil\",\"item\":\"https:\\\/\\\/vooruit.brussels\\\/en\\\/\"},{\"@type\":\"ListItem\",\"position\":2,\"name\":\"Kandidaten\",\"item\":\"https:\\\/\\\/vooruit.brussels\\\/en\\\/onze-kandidaten\\\/\"},{\"@type\":\"ListItem\",\"position\":3,\"name\":\"1. Zeynep Balci\"}]},{\"@type\":\"WebSite\",\"@id\":\"https:\\\/\\\/vooruit.brussels\\\/en\\\/#website\",\"url\":\"https:\\\/\\\/vooruit.brussels\\\/en\\\/\",\"name\":\"Vooruit.brussels\",\"description\":\"\",\"potentialAction\":[{\"@type\":\"SearchAction\",\"target\":{\"@type\":\"EntryPoint\",\"urlTemplate\":\"https:\\\/\\\/vooruit.brussels\\\/en\\\/?s={search_term_string}\"},\"query-input\":{\"@type\":\"PropertyValueSpecification\",\"valueRequired\":true,\"valueName\":\"search_term_string\"}}],\"inLanguage\":\"fr-BE\"}]}<\/script>\n<!-- \/ Yoast SEO plugin. -->","yoast_head_json":{"title":"1. Zeynep Balci - Vooruit.brussels","description":"Zeynep est politologue et porte-parole du Ministre-Pr\u00e9sident bruxellois Rudi Vervoort. Fondatrice de Regenboogrood, le r\u00e9seau LGBT de Vooruit, elle se bat pour l\u2019\u00e9galit\u00e9 des chances pour tous.tes, ind\u00e9pendamment de l\u2019origine, de la religion, de la couleur de peau, de l\u2019ethnicit\u00e9 ou des pr\u00e9f\u00e9rences sexuelles.\u00a0\u00a0","robots":{"index":"index","follow":"follow","max-snippet":"max-snippet:-1","max-image-preview":"max-image-preview:large","max-video-preview":"max-video-preview:-1"},"canonical":"https:\/\/vooruit.brussels\/fr\/onze-kandidaten\/zeynep-balci\/","og_locale":"fr_FR","og_type":"article","og_title":"1. Zeynep Balci - Vooruit.brussels","og_description":"Zeynep is politicologe en woordvoerder van Brussels minister-president Rudi Vervoort. Als oprichtster van Regenboogrood, het LGBT-netwerk van Vooruit, strijdt ze voor gelijke kansen voor iedereen ongeacht afkomst, religie, kleur, etniciteit of seksuele voorkeur.\u00a0\u00a0","og_url":"https:\/\/vooruit.brussels\/fr\/onze-kandidaten\/zeynep-balci\/","og_site_name":"Vooruit.brussels","article_modified_time":"2024-04-18T19:55:25+00:00","og_image":[{"width":450,"height":600,"url":"https:\/\/vooruit.brussels\/wp-content\/uploads\/2024\/04\/BRU_VLA_OPV_01_BALCI_S.jpg","type":"image\/jpeg"}],"twitter_card":"summary_large_image","twitter_misc":{"Dur\u00e9e de lecture est.":"1 minute"},"schema":{"@context":"https:\/\/schema.org","@graph":[{"@type":"WebPage","@id":"https:\/\/vooruit.brussels\/en\/onze-kandidaten\/zeynep-balci\/","url":"https:\/\/vooruit.brussels\/en\/onze-kandidaten\/zeynep-balci\/","name":"1. Zeynep Balci - Vooruit.brussels","isPartOf":{"@id":"https:\/\/vooruit.brussels\/en\/#website"},"primaryImageOfPage":{"@id":"https:\/\/vooruit.brussels\/en\/onze-kandidaten\/zeynep-balci\/#primaryimage"},"image":{"@id":"https:\/\/vooruit.brussels\/en\/onze-kandidaten\/zeynep-balci\/#primaryimage"},"thumbnailUrl":"https:\/\/vooruit.brussels\/wp-content\/uploads\/2024\/04\/BRU_VLA_OPV_01_BALCI_S.jpg","datePublished":"2024-04-18T19:44:15+00:00","dateModified":"2024-04-18T19:55:25+00:00","description":"Zeynep est politologue et porte-parole du Ministre-Pr\u00e9sident bruxellois Rudi Vervoort. Fondatrice de Regenboogrood, le r\u00e9seau LGBT de Vooruit, elle se bat pour l\u2019\u00e9galit\u00e9 des chances pour tous.tes, ind\u00e9pendamment de l\u2019origine, de la religion, de la couleur de peau, de l\u2019ethnicit\u00e9 ou des pr\u00e9f\u00e9rences sexuelles.\u00a0\u00a0","breadcrumb":{"@id":"https:\/\/vooruit.brussels\/en\/onze-kandidaten\/zeynep-balci\/#breadcrumb"},"inLanguage":"fr-BE","potentialAction":[{"@type":"ReadAction","target":["https:\/\/vooruit.brussels\/en\/onze-kandidaten\/zeynep-balci\/"]}]},{"@type":"ImageObject","inLanguage":"fr-BE","@id":"https:\/\/vooruit.brussels\/en\/onze-kandidaten\/zeynep-balci\/#primaryimage","url":"https:\/\/vooruit.brussels\/wp-content\/uploads\/2024\/04\/BRU_VLA_OPV_01_BALCI_S.jpg","contentUrl":"https:\/\/vooruit.brussels\/wp-content\/uploads\/2024\/04\/BRU_VLA_OPV_01_BALCI_S.jpg","width":450,"height":600},{"@type":"BreadcrumbList","@id":"https:\/\/vooruit.brussels\/en\/onze-kandidaten\/zeynep-balci\/#breadcrumb","itemListElement":[{"@type":"ListItem","position":1,"name":"Accueil","item":"https:\/\/vooruit.brussels\/en\/"},{"@type":"ListItem","position":2,"name":"Kandidaten","item":"https:\/\/vooruit.brussels\/en\/onze-kandidaten\/"},{"@type":"ListItem","position":3,"name":"1. Zeynep Balci"}]},{"@type":"WebSite","@id":"https:\/\/vooruit.brussels\/en\/#website","url":"https:\/\/vooruit.brussels\/en\/","name":"Vooruit.brussels","description":"","potentialAction":[{"@type":"SearchAction","target":{"@type":"EntryPoint","urlTemplate":"https:\/\/vooruit.brussels\/en\/?s={search_term_string}"},"query-input":{"@type":"PropertyValueSpecification","valueRequired":true,"valueName":"search_term_string"}}],"inLanguage":"fr-BE"}]}},"_links":{"self":[{"href":"https:\/\/vooruit.brussels\/fr\/wp-json\/wp\/v2\/kandidaat\/2201","targetHints":{"allow":["GET"]}}],"collection":[{"href":"https:\/\/vooruit.brussels\/fr\/wp-json\/wp\/v2\/kandidaat"}],"about":[{"href":"https:\/\/vooruit.brussels\/fr\/wp-json\/wp\/v2\/types\/kandidaat"}],"wp:featuredmedia":[{"embeddable":true,"href":"https:\/\/vooruit.brussels\/fr\/wp-json\/wp\/v2\/media\/1706"}],"wp:attachment":[{"href":"https:\/\/vooruit.brussels\/fr\/wp-json\/wp\/v2\/media?parent=2201"}],"wp:term":[{"taxonomy":"category","embeddable":true,"href":"https:\/\/vooruit.brussels\/fr\/wp-json\/wp\/v2\/categories?post=2201"}],"curies":[{"name":"wp","href":"https:\/\/api.w.org\/{rel}","templated":true}]}}

<!-- This site is optimized with the Yoast SEO plugin v27.4 - https://yoast.com/product/yoast-seo-wordpress/ -->
<title>1. Zeynep Balci - Vooruit.brussels</title>
<meta name="description" content="Zeynep is politicologe en woordvoerder van Brussels minister-president Rudi Vervoort. Als oprichtster van Regenboogrood, het LGBT-netwerk van Vooruit, strijdt ze voor gelijke kansen voor iedereen ongeacht afkomst, religie, kleur, etniciteit of seksuele voorkeur.  " />
<meta name="robots" content="index, follow, max-snippet:-1, max-image-preview:large, max-video-preview:-1" />
<link rel="canonical" href="https://vooruit.brussels/fr/onze-kandidaten/zeynep-balci/" />
<meta property="og:locale" content="fr_FR" />
<meta property="og:type" content="article" />
<meta property="og:title" content="1. Zeynep Balci - Vooruit.brussels" />
<meta property="og:description" content="Zeynep is politicologe en woordvoerder van Brussels minister-president Rudi Vervoort. Als oprichtster van Regenboogrood, het LGBT-netwerk van Vooruit, strijdt ze voor gelijke kansen voor iedereen ongeacht afkomst, religie, kleur, etniciteit of seksuele voorkeur.  " />
<meta property="og:url" content="https://vooruit.brussels/fr/onze-kandidaten/zeynep-balci/" />
<meta property="og:site_name" content="Vooruit.brussels" />
<meta property="article:modified_time" content="2024-04-18T19:55:25+00:00" />
<meta property="og:image" content="https://vooruit.brussels/wp-content/uploads/2024/04/BRU_VLA_OPV_01_BALCI_S.jpg" />
	<meta property="og:image:width" content="450" />
	<meta property="og:image:height" content="600" />
	<meta property="og:image:type" content="image/jpeg" />
<meta name="twitter:card" content="summary_large_image" />
<meta name="twitter:label1" content="Durée de lecture est." />
	<meta name="twitter:data1" content="1 minute" />
<script type="application/ld+json" class="yoast-schema-graph">{"@context":"https:\/\/schema.org","@graph":[{"@type":"WebPage","@id":"https:\/\/vooruit.brussels\/en\/onze-kandidaten\/zeynep-balci\/","url":"https:\/\/vooruit.brussels\/en\/onze-kandidaten\/zeynep-balci\/","name":"1. Zeynep Balci - Vooruit.brussels","isPartOf":{"@id":"https:\/\/vooruit.brussels\/en\/#website"},"primaryImageOfPage":{"@id":"https:\/\/vooruit.brussels\/en\/onze-kandidaten\/zeynep-balci\/#primaryimage"},"image":{"@id":"https:\/\/vooruit.brussels\/en\/onze-kandidaten\/zeynep-balci\/#primaryimage"},"thumbnailUrl":"https:\/\/vooruit.brussels\/wp-content\/uploads\/2024\/04\/BRU_VLA_OPV_01_BALCI_S.jpg","datePublished":"2024-04-18T19:44:15+00:00","dateModified":"2024-04-18T19:55:25+00:00","description":"Zeynep is politicologe en woordvoerder van Brussels minister-president Rudi Vervoort. Als oprichtster van Regenboogrood, het LGBT-netwerk van Vooruit, strijdt ze voor gelijke kansen voor iedereen ongeacht afkomst, religie, kleur, etniciteit of seksuele voorkeur.  ","breadcrumb":{"@id":"https:\/\/vooruit.brussels\/en\/onze-kandidaten\/zeynep-balci\/#breadcrumb"},"inLanguage":"fr-BE","potentialAction":[{"@type":"ReadAction","target":["https:\/\/vooruit.brussels\/en\/onze-kandidaten\/zeynep-balci\/"]}]},{"@type":"ImageObject","inLanguage":"fr-BE","@id":"https:\/\/vooruit.brussels\/en\/onze-kandidaten\/zeynep-balci\/#primaryimage","url":"https:\/\/vooruit.brussels\/wp-content\/uploads\/2024\/04\/BRU_VLA_OPV_01_BALCI_S.jpg","contentUrl":"https:\/\/vooruit.brussels\/wp-content\/uploads\/2024\/04\/BRU_VLA_OPV_01_BALCI_S.jpg","width":450,"height":600},{"@type":"BreadcrumbList","@id":"https:\/\/vooruit.brussels\/en\/onze-kandidaten\/zeynep-balci\/#breadcrumb","itemListElement":[{"@type":"ListItem","position":1,"name":"Accueil","item":"https:\/\/vooruit.brussels\/en\/"},{"@type":"ListItem","position":2,"name":"Kandidaten","item":"https:\/\/vooruit.brussels\/en\/onze-kandidaten\/"},{"@type":"ListItem","position":3,"name":"1. Zeynep Balci"}]},{"@type":"WebSite","@id":"https:\/\/vooruit.brussels\/en\/#website","url":"https:\/\/vooruit.brussels\/en\/","name":"Vooruit.brussels","description":"","potentialAction":[{"@type":"SearchAction","target":{"@type":"EntryPoint","urlTemplate":"https:\/\/vooruit.brussels\/en\/?s={search_term_string}"},"query-input":{"@type":"PropertyValueSpecification","valueRequired":true,"valueName":"search_term_string"}}],"inLanguage":"fr-BE"}]}</script>
<!-- / Yoast SEO plugin. -->

Zeynep est politologue et porte-parole du Ministre-Président bruxellois Rudi Vervoort. Fondatrice de Regenboogrood, le réseau LGBT de Vooruit, elle se bat pour l’égalité des chances pour tous.tes, indépendamment de l’origine, de la religion, de la couleur de peau, de l’ethnicité ou des préférences sexuelles.
