{"id":2204,"date":"2024-04-18T21:17:52","date_gmt":"2024-04-18T19:17:52","guid":{"rendered":"https:\/\/dev.vooruit.brussels\/?post_type=kandidaat&#038;p=2204"},"modified":"2024-04-22T15:57:04","modified_gmt":"2024-04-22T13:57:04","slug":"willem-stevens","status":"publish","type":"kandidaat","link":"https:\/\/vooruit.brussels\/fr\/onze-kandidaten\/willem-stevens\/","title":{"rendered":"4. Willem Stevens"},"featured_media":1709,"template":"","categories":[],"class_list":["post-2204","kandidaat","type-kandidaat","status-publish","has-post-thumbnail","hentry"],"acf":[],"yoast_head":"<!-- This site is optimized with the Yoast SEO plugin v27.4 - https:\/\/yoast.com\/product\/yoast-seo-wordpress\/ -->\n<title>4. Willem Stevens - Vooruit.brussels<\/title>\n<meta name=\"description\" content=\"\u201cMijn Brusselse vrouw en mijn dochter brengen het meertalige Brussel dagelijks tot in onze huiskamer. Ik wil blijven strijden voor een stad waar iedereen de kans heeft om zichzelf te zijn, om zich te ontwikkelen en om goed te leven. Als schepen zet ik me in voor kinderen, jongeren en voor de wijken die meer aandacht verdienen.\u201d\u00a0\" \/>\n<meta name=\"robots\" content=\"index, follow, max-snippet:-1, max-image-preview:large, max-video-preview:-1\" \/>\n<link rel=\"canonical\" href=\"https:\/\/vooruit.brussels\/fr\/onze-kandidaten\/willem-stevens\/\" \/>\n<meta property=\"og:locale\" content=\"fr_FR\" \/>\n<meta property=\"og:type\" content=\"article\" \/>\n<meta property=\"og:title\" content=\"4. Willem Stevens - Vooruit.brussels\" \/>\n<meta property=\"og:description\" content=\"\u201cMijn Brusselse vrouw en mijn dochter brengen het meertalige Brussel dagelijks tot in onze huiskamer. Ik wil blijven strijden voor een stad waar iedereen de kans heeft om zichzelf te zijn, om zich te ontwikkelen en om goed te leven. Als schepen zet ik me in voor kinderen, jongeren en voor de wijken die meer aandacht verdienen.\u201d\u00a0\" \/>\n<meta property=\"og:url\" content=\"https:\/\/vooruit.brussels\/fr\/onze-kandidaten\/willem-stevens\/\" \/>\n<meta property=\"og:site_name\" content=\"Vooruit.brussels\" \/>\n<meta property=\"article:modified_time\" content=\"2024-04-22T13:57:04+00:00\" \/>\n<meta property=\"og:image\" content=\"https:\/\/vooruit.brussels\/wp-content\/uploads\/2024\/04\/BRU_VLA_OPV_04_STEVENS_S.jpg\" \/>\n\t<meta property=\"og:image:width\" content=\"450\" \/>\n\t<meta property=\"og:image:height\" content=\"600\" \/>\n\t<meta property=\"og:image:type\" content=\"image\/jpeg\" \/>\n<meta name=\"twitter:card\" content=\"summary_large_image\" \/>\n<meta name=\"twitter:label1\" content=\"Dur\u00e9e de lecture est.\" \/>\n\t<meta name=\"twitter:data1\" content=\"1 minute\" \/>\n<script type=\"application\/ld+json\" class=\"yoast-schema-graph\">{\"@context\":\"https:\\\/\\\/schema.org\",\"@graph\":[{\"@type\":\"WebPage\",\"@id\":\"https:\\\/\\\/vooruit.brussels\\\/fr\\\/onze-kandidaten\\\/willem-stevens\\\/\",\"url\":\"https:\\\/\\\/vooruit.brussels\\\/fr\\\/onze-kandidaten\\\/willem-stevens\\\/\",\"name\":\"4. Willem Stevens - Vooruit.brussels\",\"isPartOf\":{\"@id\":\"https:\\\/\\\/vooruit.brussels\\\/en\\\/#website\"},\"primaryImageOfPage\":{\"@id\":\"https:\\\/\\\/vooruit.brussels\\\/fr\\\/onze-kandidaten\\\/willem-stevens\\\/#primaryimage\"},\"image\":{\"@id\":\"https:\\\/\\\/vooruit.brussels\\\/fr\\\/onze-kandidaten\\\/willem-stevens\\\/#primaryimage\"},\"thumbnailUrl\":\"https:\\\/\\\/vooruit.brussels\\\/wp-content\\\/uploads\\\/2024\\\/04\\\/BRU_VLA_OPV_04_STEVENS_S.jpg\",\"datePublished\":\"2024-04-18T19:17:52+00:00\",\"dateModified\":\"2024-04-22T13:57:04+00:00\",\"description\":\"\u201cMijn Brusselse vrouw en mijn dochter brengen het meertalige Brussel dagelijks tot in onze huiskamer. Ik wil blijven strijden voor een stad waar iedereen de kans heeft om zichzelf te zijn, om zich te ontwikkelen en om goed te leven. Als schepen zet ik me in voor kinderen, jongeren en voor de wijken die meer aandacht verdienen.\u201d\u00a0\",\"breadcrumb\":{\"@id\":\"https:\\\/\\\/vooruit.brussels\\\/fr\\\/onze-kandidaten\\\/willem-stevens\\\/#breadcrumb\"},\"inLanguage\":\"fr-BE\",\"potentialAction\":[{\"@type\":\"ReadAction\",\"target\":[\"https:\\\/\\\/vooruit.brussels\\\/fr\\\/onze-kandidaten\\\/willem-stevens\\\/\"]}]},{\"@type\":\"ImageObject\",\"inLanguage\":\"fr-BE\",\"@id\":\"https:\\\/\\\/vooruit.brussels\\\/fr\\\/onze-kandidaten\\\/willem-stevens\\\/#primaryimage\",\"url\":\"https:\\\/\\\/vooruit.brussels\\\/wp-content\\\/uploads\\\/2024\\\/04\\\/BRU_VLA_OPV_04_STEVENS_S.jpg\",\"contentUrl\":\"https:\\\/\\\/vooruit.brussels\\\/wp-content\\\/uploads\\\/2024\\\/04\\\/BRU_VLA_OPV_04_STEVENS_S.jpg\",\"width\":450,\"height\":600},{\"@type\":\"BreadcrumbList\",\"@id\":\"https:\\\/\\\/vooruit.brussels\\\/fr\\\/onze-kandidaten\\\/willem-stevens\\\/#breadcrumb\",\"itemListElement\":[{\"@type\":\"ListItem\",\"position\":1,\"name\":\"Accueil\",\"item\":\"https:\\\/\\\/vooruit.brussels\\\/en\\\/\"},{\"@type\":\"ListItem\",\"position\":2,\"name\":\"Kandidaten\",\"item\":\"https:\\\/\\\/vooruit.brussels\\\/en\\\/onze-kandidaten\\\/\"},{\"@type\":\"ListItem\",\"position\":3,\"name\":\"4. Willem Stevens\"}]},{\"@type\":\"WebSite\",\"@id\":\"https:\\\/\\\/vooruit.brussels\\\/en\\\/#website\",\"url\":\"https:\\\/\\\/vooruit.brussels\\\/en\\\/\",\"name\":\"Vooruit.brussels\",\"description\":\"\",\"potentialAction\":[{\"@type\":\"SearchAction\",\"target\":{\"@type\":\"EntryPoint\",\"urlTemplate\":\"https:\\\/\\\/vooruit.brussels\\\/en\\\/?s={search_term_string}\"},\"query-input\":{\"@type\":\"PropertyValueSpecification\",\"valueRequired\":true,\"valueName\":\"search_term_string\"}}],\"inLanguage\":\"fr-BE\"}]}<\/script>\n<!-- \/ Yoast SEO plugin. -->","yoast_head_json":{"title":"4. Willem Stevens - Vooruit.brussels","description":"\u00ab\u202fMa femme et ma fille sont bruxelloises, elles font vivre chaque jour le multilinguisme bruxellois dans notre maison. Je veux continuer \u00e0 me battre pour une ville o\u00f9 chacun a la possibilit\u00e9 d'\u00eatre lui-m\u00eame, de s'\u00e9panouir et de bien vivre. En tant qu'\u00e9chevin, je m'engage pour les enfants, les jeunes et les quartiers qui m\u00e9ritent une plus grande attention.\u202f\u00bb\u00a0","robots":{"index":"index","follow":"follow","max-snippet":"max-snippet:-1","max-image-preview":"max-image-preview:large","max-video-preview":"max-video-preview:-1"},"canonical":"https:\/\/vooruit.brussels\/fr\/onze-kandidaten\/willem-stevens\/","og_locale":"fr_FR","og_type":"article","og_title":"4. Willem Stevens - Vooruit.brussels","og_description":"\u201cMijn Brusselse vrouw en mijn dochter brengen het meertalige Brussel dagelijks tot in onze huiskamer. Ik wil blijven strijden voor een stad waar iedereen de kans heeft om zichzelf te zijn, om zich te ontwikkelen en om goed te leven. Als schepen zet ik me in voor kinderen, jongeren en voor de wijken die meer aandacht verdienen.\u201d\u00a0","og_url":"https:\/\/vooruit.brussels\/fr\/onze-kandidaten\/willem-stevens\/","og_site_name":"Vooruit.brussels","article_modified_time":"2024-04-22T13:57:04+00:00","og_image":[{"width":450,"height":600,"url":"https:\/\/vooruit.brussels\/wp-content\/uploads\/2024\/04\/BRU_VLA_OPV_04_STEVENS_S.jpg","type":"image\/jpeg"}],"twitter_card":"summary_large_image","twitter_misc":{"Dur\u00e9e de lecture est.":"1 minute"},"schema":{"@context":"https:\/\/schema.org","@graph":[{"@type":"WebPage","@id":"https:\/\/vooruit.brussels\/fr\/onze-kandidaten\/willem-stevens\/","url":"https:\/\/vooruit.brussels\/fr\/onze-kandidaten\/willem-stevens\/","name":"4. Willem Stevens - Vooruit.brussels","isPartOf":{"@id":"https:\/\/vooruit.brussels\/en\/#website"},"primaryImageOfPage":{"@id":"https:\/\/vooruit.brussels\/fr\/onze-kandidaten\/willem-stevens\/#primaryimage"},"image":{"@id":"https:\/\/vooruit.brussels\/fr\/onze-kandidaten\/willem-stevens\/#primaryimage"},"thumbnailUrl":"https:\/\/vooruit.brussels\/wp-content\/uploads\/2024\/04\/BRU_VLA_OPV_04_STEVENS_S.jpg","datePublished":"2024-04-18T19:17:52+00:00","dateModified":"2024-04-22T13:57:04+00:00","description":"\u00ab\u202fMa femme et ma fille sont bruxelloises, elles font vivre chaque jour le multilinguisme bruxellois dans notre maison. Je veux continuer \u00e0 me battre pour une ville o\u00f9 chacun a la possibilit\u00e9 d'\u00eatre lui-m\u00eame, de s'\u00e9panouir et de bien vivre. En tant qu'\u00e9chevin, je m'engage pour les enfants, les jeunes et les quartiers qui m\u00e9ritent une plus grande attention.\u202f\u00bb\u00a0","breadcrumb":{"@id":"https:\/\/vooruit.brussels\/fr\/onze-kandidaten\/willem-stevens\/#breadcrumb"},"inLanguage":"fr-BE","potentialAction":[{"@type":"ReadAction","target":["https:\/\/vooruit.brussels\/fr\/onze-kandidaten\/willem-stevens\/"]}]},{"@type":"ImageObject","inLanguage":"fr-BE","@id":"https:\/\/vooruit.brussels\/fr\/onze-kandidaten\/willem-stevens\/#primaryimage","url":"https:\/\/vooruit.brussels\/wp-content\/uploads\/2024\/04\/BRU_VLA_OPV_04_STEVENS_S.jpg","contentUrl":"https:\/\/vooruit.brussels\/wp-content\/uploads\/2024\/04\/BRU_VLA_OPV_04_STEVENS_S.jpg","width":450,"height":600},{"@type":"BreadcrumbList","@id":"https:\/\/vooruit.brussels\/fr\/onze-kandidaten\/willem-stevens\/#breadcrumb","itemListElement":[{"@type":"ListItem","position":1,"name":"Accueil","item":"https:\/\/vooruit.brussels\/en\/"},{"@type":"ListItem","position":2,"name":"Kandidaten","item":"https:\/\/vooruit.brussels\/en\/onze-kandidaten\/"},{"@type":"ListItem","position":3,"name":"4. Willem Stevens"}]},{"@type":"WebSite","@id":"https:\/\/vooruit.brussels\/en\/#website","url":"https:\/\/vooruit.brussels\/en\/","name":"Vooruit.brussels","description":"","potentialAction":[{"@type":"SearchAction","target":{"@type":"EntryPoint","urlTemplate":"https:\/\/vooruit.brussels\/en\/?s={search_term_string}"},"query-input":{"@type":"PropertyValueSpecification","valueRequired":true,"valueName":"search_term_string"}}],"inLanguage":"fr-BE"}]}},"_links":{"self":[{"href":"https:\/\/vooruit.brussels\/fr\/wp-json\/wp\/v2\/kandidaat\/2204","targetHints":{"allow":["GET"]}}],"collection":[{"href":"https:\/\/vooruit.brussels\/fr\/wp-json\/wp\/v2\/kandidaat"}],"about":[{"href":"https:\/\/vooruit.brussels\/fr\/wp-json\/wp\/v2\/types\/kandidaat"}],"wp:featuredmedia":[{"embeddable":true,"href":"https:\/\/vooruit.brussels\/fr\/wp-json\/wp\/v2\/media\/1709"}],"wp:attachment":[{"href":"https:\/\/vooruit.brussels\/fr\/wp-json\/wp\/v2\/media?parent=2204"}],"wp:term":[{"taxonomy":"category","embeddable":true,"href":"https:\/\/vooruit.brussels\/fr\/wp-json\/wp\/v2\/categories?post=2204"}],"curies":[{"name":"wp","href":"https:\/\/api.w.org\/{rel}","templated":true}]}}

<!-- This site is optimized with the Yoast SEO plugin v27.4 - https://yoast.com/product/yoast-seo-wordpress/ -->
<title>4. Willem Stevens - Vooruit.brussels</title>
<meta name="description" content="“Mijn Brusselse vrouw en mijn dochter brengen het meertalige Brussel dagelijks tot in onze huiskamer. Ik wil blijven strijden voor een stad waar iedereen de kans heeft om zichzelf te zijn, om zich te ontwikkelen en om goed te leven. Als schepen zet ik me in voor kinderen, jongeren en voor de wijken die meer aandacht verdienen.” " />
<meta name="robots" content="index, follow, max-snippet:-1, max-image-preview:large, max-video-preview:-1" />
<link rel="canonical" href="https://vooruit.brussels/fr/onze-kandidaten/willem-stevens/" />
<meta property="og:locale" content="fr_FR" />
<meta property="og:type" content="article" />
<meta property="og:title" content="4. Willem Stevens - Vooruit.brussels" />
<meta property="og:description" content="“Mijn Brusselse vrouw en mijn dochter brengen het meertalige Brussel dagelijks tot in onze huiskamer. Ik wil blijven strijden voor een stad waar iedereen de kans heeft om zichzelf te zijn, om zich te ontwikkelen en om goed te leven. Als schepen zet ik me in voor kinderen, jongeren en voor de wijken die meer aandacht verdienen.” " />
<meta property="og:url" content="https://vooruit.brussels/fr/onze-kandidaten/willem-stevens/" />
<meta property="og:site_name" content="Vooruit.brussels" />
<meta property="article:modified_time" content="2024-04-22T13:57:04+00:00" />
<meta property="og:image" content="https://vooruit.brussels/wp-content/uploads/2024/04/BRU_VLA_OPV_04_STEVENS_S.jpg" />
	<meta property="og:image:width" content="450" />
	<meta property="og:image:height" content="600" />
	<meta property="og:image:type" content="image/jpeg" />
<meta name="twitter:card" content="summary_large_image" />
<meta name="twitter:label1" content="Durée de lecture est." />
	<meta name="twitter:data1" content="1 minute" />
<script type="application/ld+json" class="yoast-schema-graph">{"@context":"https:\/\/schema.org","@graph":[{"@type":"WebPage","@id":"https:\/\/vooruit.brussels\/fr\/onze-kandidaten\/willem-stevens\/","url":"https:\/\/vooruit.brussels\/fr\/onze-kandidaten\/willem-stevens\/","name":"4. Willem Stevens - Vooruit.brussels","isPartOf":{"@id":"https:\/\/vooruit.brussels\/en\/#website"},"primaryImageOfPage":{"@id":"https:\/\/vooruit.brussels\/fr\/onze-kandidaten\/willem-stevens\/#primaryimage"},"image":{"@id":"https:\/\/vooruit.brussels\/fr\/onze-kandidaten\/willem-stevens\/#primaryimage"},"thumbnailUrl":"https:\/\/vooruit.brussels\/wp-content\/uploads\/2024\/04\/BRU_VLA_OPV_04_STEVENS_S.jpg","datePublished":"2024-04-18T19:17:52+00:00","dateModified":"2024-04-22T13:57:04+00:00","description":"“Mijn Brusselse vrouw en mijn dochter brengen het meertalige Brussel dagelijks tot in onze huiskamer. Ik wil blijven strijden voor een stad waar iedereen de kans heeft om zichzelf te zijn, om zich te ontwikkelen en om goed te leven. Als schepen zet ik me in voor kinderen, jongeren en voor de wijken die meer aandacht verdienen.” ","breadcrumb":{"@id":"https:\/\/vooruit.brussels\/fr\/onze-kandidaten\/willem-stevens\/#breadcrumb"},"inLanguage":"fr-BE","potentialAction":[{"@type":"ReadAction","target":["https:\/\/vooruit.brussels\/fr\/onze-kandidaten\/willem-stevens\/"]}]},{"@type":"ImageObject","inLanguage":"fr-BE","@id":"https:\/\/vooruit.brussels\/fr\/onze-kandidaten\/willem-stevens\/#primaryimage","url":"https:\/\/vooruit.brussels\/wp-content\/uploads\/2024\/04\/BRU_VLA_OPV_04_STEVENS_S.jpg","contentUrl":"https:\/\/vooruit.brussels\/wp-content\/uploads\/2024\/04\/BRU_VLA_OPV_04_STEVENS_S.jpg","width":450,"height":600},{"@type":"BreadcrumbList","@id":"https:\/\/vooruit.brussels\/fr\/onze-kandidaten\/willem-stevens\/#breadcrumb","itemListElement":[{"@type":"ListItem","position":1,"name":"Accueil","item":"https:\/\/vooruit.brussels\/en\/"},{"@type":"ListItem","position":2,"name":"Kandidaten","item":"https:\/\/vooruit.brussels\/en\/onze-kandidaten\/"},{"@type":"ListItem","position":3,"name":"4. Willem Stevens"}]},{"@type":"WebSite","@id":"https:\/\/vooruit.brussels\/en\/#website","url":"https:\/\/vooruit.brussels\/en\/","name":"Vooruit.brussels","description":"","potentialAction":[{"@type":"SearchAction","target":{"@type":"EntryPoint","urlTemplate":"https:\/\/vooruit.brussels\/en\/?s={search_term_string}"},"query-input":{"@type":"PropertyValueSpecification","valueRequired":true,"valueName":"search_term_string"}}],"inLanguage":"fr-BE"}]}</script>
<!-- / Yoast SEO plugin. -->

« Ma femme et ma fille sont bruxelloises, elles font vivre chaque jour le multilinguisme bruxellois dans notre maison. Je veux continuer à me battre pour une ville où chacun a la possibilité d'être lui-même, de s'épanouir et de bien vivre. En tant qu'échevin, je m'engage pour les enfants, les jeunes et les quartiers qui méritent une plus grande attention. »
