{"id":2207,"date":"2024-04-19T10:44:20","date_gmt":"2024-04-19T08:44:20","guid":{"rendered":"https:\/\/dev.vooruit.brussels\/?post_type=kandidaat&#038;p=2207"},"modified":"2024-05-07T10:09:48","modified_gmt":"2024-05-07T08:09:48","slug":"inssafe-elmallem","status":"publish","type":"kandidaat","link":"https:\/\/vooruit.brussels\/fr\/onze-kandidaten\/inssafe-elmallem\/","title":{"rendered":"8. Inssafe El M\u2019Allem"},"featured_media":1688,"template":"","categories":[],"class_list":["post-2207","kandidaat","type-kandidaat","status-publish","has-post-thumbnail","hentry"],"acf":[],"yoast_head":"<!-- This site is optimized with the Yoast SEO plugin v27.4 - https:\/\/yoast.com\/product\/yoast-seo-wordpress\/ -->\n<title>8. Inssafe El M\u2019Allem - Vooruit.brussels<\/title>\n<meta name=\"description\" content=\"\u201cIk ben opgegroeid in Brussel, omringd door verschillende culturen. Het welzijn van anderen staat voor mij centraal. Ik wil bijdragen aan een hechte gemeenschap. Een veilige, propere, toegankelijke stad, die gelijke kansen geeft aan iedereen en rekening houdt met kwetsbare mensen.\u201d\u00a0\" \/>\n<meta name=\"robots\" content=\"index, follow, max-snippet:-1, max-image-preview:large, max-video-preview:-1\" \/>\n<link rel=\"canonical\" href=\"https:\/\/vooruit.brussels\/fr\/onze-kandidaten\/inssafe-elmallem\/\" \/>\n<meta property=\"og:locale\" content=\"fr_FR\" \/>\n<meta property=\"og:type\" content=\"article\" \/>\n<meta property=\"og:title\" content=\"8. Inssafe El M\u2019Allem - Vooruit.brussels\" \/>\n<meta property=\"og:description\" content=\"\u201cIk ben opgegroeid in Brussel, omringd door verschillende culturen. Het welzijn van anderen staat voor mij centraal. Ik wil bijdragen aan een hechte gemeenschap. Een veilige, propere, toegankelijke stad, die gelijke kansen geeft aan iedereen en rekening houdt met kwetsbare mensen.\u201d\u00a0\" \/>\n<meta property=\"og:url\" content=\"https:\/\/vooruit.brussels\/fr\/onze-kandidaten\/inssafe-elmallem\/\" \/>\n<meta property=\"og:site_name\" content=\"Vooruit.brussels\" \/>\n<meta property=\"article:modified_time\" content=\"2024-05-07T08:09:48+00:00\" \/>\n<meta property=\"og:image\" content=\"https:\/\/vooruit.brussels\/wp-content\/uploads\/2024\/04\/BRU_EFF_08_ELMALLEM_S.jpg\" \/>\n\t<meta property=\"og:image:width\" content=\"450\" \/>\n\t<meta property=\"og:image:height\" content=\"600\" \/>\n\t<meta property=\"og:image:type\" content=\"image\/jpeg\" \/>\n<meta name=\"twitter:card\" content=\"summary_large_image\" \/>\n<meta name=\"twitter:label1\" content=\"Dur\u00e9e de lecture est.\" \/>\n\t<meta name=\"twitter:data1\" content=\"1 minute\" \/>\n<script type=\"application\/ld+json\" class=\"yoast-schema-graph\">{\"@context\":\"https:\\\/\\\/schema.org\",\"@graph\":[{\"@type\":\"WebPage\",\"@id\":\"https:\\\/\\\/vooruit.brussels\\\/onze-kandidaten\\\/inssafe-elmallem\\\/\",\"url\":\"https:\\\/\\\/vooruit.brussels\\\/onze-kandidaten\\\/inssafe-elmallem\\\/\",\"name\":\"8. Inssafe El M\u2019Allem - Vooruit.brussels\",\"isPartOf\":{\"@id\":\"https:\\\/\\\/vooruit.brussels\\\/en\\\/#website\"},\"primaryImageOfPage\":{\"@id\":\"https:\\\/\\\/vooruit.brussels\\\/onze-kandidaten\\\/inssafe-elmallem\\\/#primaryimage\"},\"image\":{\"@id\":\"https:\\\/\\\/vooruit.brussels\\\/onze-kandidaten\\\/inssafe-elmallem\\\/#primaryimage\"},\"thumbnailUrl\":\"https:\\\/\\\/vooruit.brussels\\\/wp-content\\\/uploads\\\/2024\\\/04\\\/BRU_EFF_08_ELMALLEM_S.jpg\",\"datePublished\":\"2024-04-19T08:44:20+00:00\",\"dateModified\":\"2024-05-07T08:09:48+00:00\",\"description\":\"\u201cIk ben opgegroeid in Brussel, omringd door verschillende culturen. Het welzijn van anderen staat voor mij centraal. Ik wil bijdragen aan een hechte gemeenschap. Een veilige, propere, toegankelijke stad, die gelijke kansen geeft aan iedereen en rekening houdt met kwetsbare mensen.\u201d\u00a0\",\"breadcrumb\":{\"@id\":\"https:\\\/\\\/vooruit.brussels\\\/onze-kandidaten\\\/inssafe-elmallem\\\/#breadcrumb\"},\"inLanguage\":\"fr-BE\",\"potentialAction\":[{\"@type\":\"ReadAction\",\"target\":[\"https:\\\/\\\/vooruit.brussels\\\/onze-kandidaten\\\/inssafe-elmallem\\\/\"]}]},{\"@type\":\"ImageObject\",\"inLanguage\":\"fr-BE\",\"@id\":\"https:\\\/\\\/vooruit.brussels\\\/onze-kandidaten\\\/inssafe-elmallem\\\/#primaryimage\",\"url\":\"https:\\\/\\\/vooruit.brussels\\\/wp-content\\\/uploads\\\/2024\\\/04\\\/BRU_EFF_08_ELMALLEM_S.jpg\",\"contentUrl\":\"https:\\\/\\\/vooruit.brussels\\\/wp-content\\\/uploads\\\/2024\\\/04\\\/BRU_EFF_08_ELMALLEM_S.jpg\",\"width\":450,\"height\":600},{\"@type\":\"BreadcrumbList\",\"@id\":\"https:\\\/\\\/vooruit.brussels\\\/onze-kandidaten\\\/inssafe-elmallem\\\/#breadcrumb\",\"itemListElement\":[{\"@type\":\"ListItem\",\"position\":1,\"name\":\"Accueil\",\"item\":\"https:\\\/\\\/vooruit.brussels\\\/en\\\/\"},{\"@type\":\"ListItem\",\"position\":2,\"name\":\"Kandidaten\",\"item\":\"https:\\\/\\\/vooruit.brussels\\\/en\\\/onze-kandidaten\\\/\"},{\"@type\":\"ListItem\",\"position\":3,\"name\":\"8. Inssafe El M\u2019Allem\"}]},{\"@type\":\"WebSite\",\"@id\":\"https:\\\/\\\/vooruit.brussels\\\/en\\\/#website\",\"url\":\"https:\\\/\\\/vooruit.brussels\\\/en\\\/\",\"name\":\"Vooruit.brussels\",\"description\":\"\",\"potentialAction\":[{\"@type\":\"SearchAction\",\"target\":{\"@type\":\"EntryPoint\",\"urlTemplate\":\"https:\\\/\\\/vooruit.brussels\\\/en\\\/?s={search_term_string}\"},\"query-input\":{\"@type\":\"PropertyValueSpecification\",\"valueRequired\":true,\"valueName\":\"search_term_string\"}}],\"inLanguage\":\"fr-BE\"}]}<\/script>\n<!-- \/ Yoast SEO plugin. -->","yoast_head_json":{"title":"8. Inssafe El M\u2019Allem - Vooruit.brussels","description":"\u00ab\u202fJ'ai grandi \u00e0 Bruxelles, entour\u00e9e de diff\u00e9rentes cultures. Le bien-\u00eatre des autres est au centre de mes pr\u00e9occupations. Je veux contribuer \u00e0 cr\u00e9er une communaut\u00e9 soud\u00e9e. Une ville s\u00fbre, propre, accessible, qui donne des chances \u00e9gales \u00e0 tous et prend en compte les personnes vuln\u00e9rables.\u202f\u00bb\u00a0","robots":{"index":"index","follow":"follow","max-snippet":"max-snippet:-1","max-image-preview":"max-image-preview:large","max-video-preview":"max-video-preview:-1"},"canonical":"https:\/\/vooruit.brussels\/fr\/onze-kandidaten\/inssafe-elmallem\/","og_locale":"fr_FR","og_type":"article","og_title":"8. Inssafe El M\u2019Allem - Vooruit.brussels","og_description":"\u201cIk ben opgegroeid in Brussel, omringd door verschillende culturen. Het welzijn van anderen staat voor mij centraal. Ik wil bijdragen aan een hechte gemeenschap. Een veilige, propere, toegankelijke stad, die gelijke kansen geeft aan iedereen en rekening houdt met kwetsbare mensen.\u201d\u00a0","og_url":"https:\/\/vooruit.brussels\/fr\/onze-kandidaten\/inssafe-elmallem\/","og_site_name":"Vooruit.brussels","article_modified_time":"2024-05-07T08:09:48+00:00","og_image":[{"width":450,"height":600,"url":"https:\/\/vooruit.brussels\/wp-content\/uploads\/2024\/04\/BRU_EFF_08_ELMALLEM_S.jpg","type":"image\/jpeg"}],"twitter_card":"summary_large_image","twitter_misc":{"Dur\u00e9e de lecture est.":"1 minute"},"schema":{"@context":"https:\/\/schema.org","@graph":[{"@type":"WebPage","@id":"https:\/\/vooruit.brussels\/onze-kandidaten\/inssafe-elmallem\/","url":"https:\/\/vooruit.brussels\/onze-kandidaten\/inssafe-elmallem\/","name":"8. Inssafe El M\u2019Allem - Vooruit.brussels","isPartOf":{"@id":"https:\/\/vooruit.brussels\/en\/#website"},"primaryImageOfPage":{"@id":"https:\/\/vooruit.brussels\/onze-kandidaten\/inssafe-elmallem\/#primaryimage"},"image":{"@id":"https:\/\/vooruit.brussels\/onze-kandidaten\/inssafe-elmallem\/#primaryimage"},"thumbnailUrl":"https:\/\/vooruit.brussels\/wp-content\/uploads\/2024\/04\/BRU_EFF_08_ELMALLEM_S.jpg","datePublished":"2024-04-19T08:44:20+00:00","dateModified":"2024-05-07T08:09:48+00:00","description":"\u00ab\u202fJ'ai grandi \u00e0 Bruxelles, entour\u00e9e de diff\u00e9rentes cultures. Le bien-\u00eatre des autres est au centre de mes pr\u00e9occupations. Je veux contribuer \u00e0 cr\u00e9er une communaut\u00e9 soud\u00e9e. Une ville s\u00fbre, propre, accessible, qui donne des chances \u00e9gales \u00e0 tous et prend en compte les personnes vuln\u00e9rables.\u202f\u00bb\u00a0","breadcrumb":{"@id":"https:\/\/vooruit.brussels\/onze-kandidaten\/inssafe-elmallem\/#breadcrumb"},"inLanguage":"fr-BE","potentialAction":[{"@type":"ReadAction","target":["https:\/\/vooruit.brussels\/onze-kandidaten\/inssafe-elmallem\/"]}]},{"@type":"ImageObject","inLanguage":"fr-BE","@id":"https:\/\/vooruit.brussels\/onze-kandidaten\/inssafe-elmallem\/#primaryimage","url":"https:\/\/vooruit.brussels\/wp-content\/uploads\/2024\/04\/BRU_EFF_08_ELMALLEM_S.jpg","contentUrl":"https:\/\/vooruit.brussels\/wp-content\/uploads\/2024\/04\/BRU_EFF_08_ELMALLEM_S.jpg","width":450,"height":600},{"@type":"BreadcrumbList","@id":"https:\/\/vooruit.brussels\/onze-kandidaten\/inssafe-elmallem\/#breadcrumb","itemListElement":[{"@type":"ListItem","position":1,"name":"Accueil","item":"https:\/\/vooruit.brussels\/en\/"},{"@type":"ListItem","position":2,"name":"Kandidaten","item":"https:\/\/vooruit.brussels\/en\/onze-kandidaten\/"},{"@type":"ListItem","position":3,"name":"8. Inssafe El M\u2019Allem"}]},{"@type":"WebSite","@id":"https:\/\/vooruit.brussels\/en\/#website","url":"https:\/\/vooruit.brussels\/en\/","name":"Vooruit.brussels","description":"","potentialAction":[{"@type":"SearchAction","target":{"@type":"EntryPoint","urlTemplate":"https:\/\/vooruit.brussels\/en\/?s={search_term_string}"},"query-input":{"@type":"PropertyValueSpecification","valueRequired":true,"valueName":"search_term_string"}}],"inLanguage":"fr-BE"}]}},"_links":{"self":[{"href":"https:\/\/vooruit.brussels\/fr\/wp-json\/wp\/v2\/kandidaat\/2207","targetHints":{"allow":["GET"]}}],"collection":[{"href":"https:\/\/vooruit.brussels\/fr\/wp-json\/wp\/v2\/kandidaat"}],"about":[{"href":"https:\/\/vooruit.brussels\/fr\/wp-json\/wp\/v2\/types\/kandidaat"}],"wp:featuredmedia":[{"embeddable":true,"href":"https:\/\/vooruit.brussels\/fr\/wp-json\/wp\/v2\/media\/1688"}],"wp:attachment":[{"href":"https:\/\/vooruit.brussels\/fr\/wp-json\/wp\/v2\/media?parent=2207"}],"wp:term":[{"taxonomy":"category","embeddable":true,"href":"https:\/\/vooruit.brussels\/fr\/wp-json\/wp\/v2\/categories?post=2207"}],"curies":[{"name":"wp","href":"https:\/\/api.w.org\/{rel}","templated":true}]}}

<!-- This site is optimized with the Yoast SEO plugin v27.4 - https://yoast.com/product/yoast-seo-wordpress/ -->
<title>8. Inssafe El M’Allem - Vooruit.brussels</title>
<meta name="description" content="“Ik ben opgegroeid in Brussel, omringd door verschillende culturen. Het welzijn van anderen staat voor mij centraal. Ik wil bijdragen aan een hechte gemeenschap. Een veilige, propere, toegankelijke stad, die gelijke kansen geeft aan iedereen en rekening houdt met kwetsbare mensen.” " />
<meta name="robots" content="index, follow, max-snippet:-1, max-image-preview:large, max-video-preview:-1" />
<link rel="canonical" href="https://vooruit.brussels/fr/onze-kandidaten/inssafe-elmallem/" />
<meta property="og:locale" content="fr_FR" />
<meta property="og:type" content="article" />
<meta property="og:title" content="8. Inssafe El M’Allem - Vooruit.brussels" />
<meta property="og:description" content="“Ik ben opgegroeid in Brussel, omringd door verschillende culturen. Het welzijn van anderen staat voor mij centraal. Ik wil bijdragen aan een hechte gemeenschap. Een veilige, propere, toegankelijke stad, die gelijke kansen geeft aan iedereen en rekening houdt met kwetsbare mensen.” " />
<meta property="og:url" content="https://vooruit.brussels/fr/onze-kandidaten/inssafe-elmallem/" />
<meta property="og:site_name" content="Vooruit.brussels" />
<meta property="article:modified_time" content="2024-05-07T08:09:48+00:00" />
<meta property="og:image" content="https://vooruit.brussels/wp-content/uploads/2024/04/BRU_EFF_08_ELMALLEM_S.jpg" />
	<meta property="og:image:width" content="450" />
	<meta property="og:image:height" content="600" />
	<meta property="og:image:type" content="image/jpeg" />
<meta name="twitter:card" content="summary_large_image" />
<meta name="twitter:label1" content="Durée de lecture est." />
	<meta name="twitter:data1" content="1 minute" />
<script type="application/ld+json" class="yoast-schema-graph">{"@context":"https:\/\/schema.org","@graph":[{"@type":"WebPage","@id":"https:\/\/vooruit.brussels\/onze-kandidaten\/inssafe-elmallem\/","url":"https:\/\/vooruit.brussels\/onze-kandidaten\/inssafe-elmallem\/","name":"8. Inssafe El M’Allem - Vooruit.brussels","isPartOf":{"@id":"https:\/\/vooruit.brussels\/en\/#website"},"primaryImageOfPage":{"@id":"https:\/\/vooruit.brussels\/onze-kandidaten\/inssafe-elmallem\/#primaryimage"},"image":{"@id":"https:\/\/vooruit.brussels\/onze-kandidaten\/inssafe-elmallem\/#primaryimage"},"thumbnailUrl":"https:\/\/vooruit.brussels\/wp-content\/uploads\/2024\/04\/BRU_EFF_08_ELMALLEM_S.jpg","datePublished":"2024-04-19T08:44:20+00:00","dateModified":"2024-05-07T08:09:48+00:00","description":"“Ik ben opgegroeid in Brussel, omringd door verschillende culturen. Het welzijn van anderen staat voor mij centraal. Ik wil bijdragen aan een hechte gemeenschap. Een veilige, propere, toegankelijke stad, die gelijke kansen geeft aan iedereen en rekening houdt met kwetsbare mensen.” ","breadcrumb":{"@id":"https:\/\/vooruit.brussels\/onze-kandidaten\/inssafe-elmallem\/#breadcrumb"},"inLanguage":"fr-BE","potentialAction":[{"@type":"ReadAction","target":["https:\/\/vooruit.brussels\/onze-kandidaten\/inssafe-elmallem\/"]}]},{"@type":"ImageObject","inLanguage":"fr-BE","@id":"https:\/\/vooruit.brussels\/onze-kandidaten\/inssafe-elmallem\/#primaryimage","url":"https:\/\/vooruit.brussels\/wp-content\/uploads\/2024\/04\/BRU_EFF_08_ELMALLEM_S.jpg","contentUrl":"https:\/\/vooruit.brussels\/wp-content\/uploads\/2024\/04\/BRU_EFF_08_ELMALLEM_S.jpg","width":450,"height":600},{"@type":"BreadcrumbList","@id":"https:\/\/vooruit.brussels\/onze-kandidaten\/inssafe-elmallem\/#breadcrumb","itemListElement":[{"@type":"ListItem","position":1,"name":"Accueil","item":"https:\/\/vooruit.brussels\/en\/"},{"@type":"ListItem","position":2,"name":"Kandidaten","item":"https:\/\/vooruit.brussels\/en\/onze-kandidaten\/"},{"@type":"ListItem","position":3,"name":"8. Inssafe El M’Allem"}]},{"@type":"WebSite","@id":"https:\/\/vooruit.brussels\/en\/#website","url":"https:\/\/vooruit.brussels\/en\/","name":"Vooruit.brussels","description":"","potentialAction":[{"@type":"SearchAction","target":{"@type":"EntryPoint","urlTemplate":"https:\/\/vooruit.brussels\/en\/?s={search_term_string}"},"query-input":{"@type":"PropertyValueSpecification","valueRequired":true,"valueName":"search_term_string"}}],"inLanguage":"fr-BE"}]}</script>
<!-- / Yoast SEO plugin. -->

« J'ai grandi à Bruxelles, entourée de différentes cultures. Le bien-être des autres est au centre de mes préoccupations. Je veux contribuer à créer une communauté soudée. Une ville sûre, propre, accessible, qui donne des chances égales à tous et prend en compte les personnes vulnérables. »
