{"id":2208,"date":"2024-04-18T22:15:01","date_gmt":"2024-04-18T20:15:01","guid":{"rendered":"https:\/\/dev.vooruit.brussels\/?post_type=kandidaat&#038;p=2208"},"modified":"2026-02-23T14:10:24","modified_gmt":"2026-02-23T13:10:24","slug":"safouane-akremi","status":"publish","type":"kandidaat","link":"https:\/\/vooruit.brussels\/fr\/onze-kandidaten\/safouane-akremi\/","title":{"rendered":"3. Safouane Akremi"},"featured_media":1702,"template":"","categories":[],"class_list":["post-2208","kandidaat","type-kandidaat","status-publish","has-post-thumbnail","hentry"],"acf":[],"yoast_head":"<!-- This site is optimized with the Yoast SEO plugin v27.4 - https:\/\/yoast.com\/product\/yoast-seo-wordpress\/ -->\n<title>3. Safouane Akremi - Vooruit.brussels<\/title>\n<meta name=\"description\" content=\"\u201cAls kind kreeg ik kansen dankzij het Nederlandstalig onderwijs en dit wens ik alle jonge Brusselaars toe. Naast leerkansen zijn ook woonkansen heel belangrijk. Iedereen een betaalbaar en kwaliteitsvol dak boven zijn hoofd.\u201d\u00a0\" \/>\n<meta name=\"robots\" content=\"index, follow, max-snippet:-1, max-image-preview:large, max-video-preview:-1\" \/>\n<link rel=\"canonical\" href=\"https:\/\/vooruit.brussels\/fr\/onze-kandidaten\/safouane-akremi\/\" \/>\n<meta property=\"og:locale\" content=\"fr_FR\" \/>\n<meta property=\"og:type\" content=\"article\" \/>\n<meta property=\"og:title\" content=\"3. Safouane Akremi - Vooruit.brussels\" \/>\n<meta property=\"og:description\" content=\"\u201cAls kind kreeg ik kansen dankzij het Nederlandstalig onderwijs en dit wens ik alle jonge Brusselaars toe. Naast leerkansen zijn ook woonkansen heel belangrijk. Iedereen een betaalbaar en kwaliteitsvol dak boven zijn hoofd.\u201d\u00a0\" \/>\n<meta property=\"og:url\" content=\"https:\/\/vooruit.brussels\/fr\/onze-kandidaten\/safouane-akremi\/\" \/>\n<meta property=\"og:site_name\" content=\"Vooruit.brussels\" \/>\n<meta property=\"article:modified_time\" content=\"2026-02-23T13:10:24+00:00\" \/>\n<meta property=\"og:image\" content=\"https:\/\/vooruit.brussels\/wp-content\/uploads\/2024\/04\/BRU_VLA_EFF_03_AKREMI_S.jpg\" \/>\n\t<meta property=\"og:image:width\" content=\"450\" \/>\n\t<meta property=\"og:image:height\" content=\"600\" \/>\n\t<meta property=\"og:image:type\" content=\"image\/jpeg\" \/>\n<meta name=\"twitter:card\" content=\"summary_large_image\" \/>\n<meta name=\"twitter:label1\" content=\"Dur\u00e9e de lecture est.\" \/>\n\t<meta name=\"twitter:data1\" content=\"1 minute\" \/>\n<script type=\"application\/ld+json\" class=\"yoast-schema-graph\">{\"@context\":\"https:\\\/\\\/schema.org\",\"@graph\":[{\"@type\":\"WebPage\",\"@id\":\"https:\\\/\\\/vooruit.brussels\\\/fr\\\/onze-kandidaten\\\/safouane-akremi\\\/\",\"url\":\"https:\\\/\\\/vooruit.brussels\\\/fr\\\/onze-kandidaten\\\/safouane-akremi\\\/\",\"name\":\"3. Safouane Akremi - Vooruit.brussels\",\"isPartOf\":{\"@id\":\"https:\\\/\\\/vooruit.brussels\\\/en\\\/#website\"},\"primaryImageOfPage\":{\"@id\":\"https:\\\/\\\/vooruit.brussels\\\/fr\\\/onze-kandidaten\\\/safouane-akremi\\\/#primaryimage\"},\"image\":{\"@id\":\"https:\\\/\\\/vooruit.brussels\\\/fr\\\/onze-kandidaten\\\/safouane-akremi\\\/#primaryimage\"},\"thumbnailUrl\":\"https:\\\/\\\/vooruit.brussels\\\/wp-content\\\/uploads\\\/2024\\\/04\\\/BRU_VLA_EFF_03_AKREMI_S.jpg\",\"datePublished\":\"2024-04-18T20:15:01+00:00\",\"dateModified\":\"2026-02-23T13:10:24+00:00\",\"description\":\"\u201cAls kind kreeg ik kansen dankzij het Nederlandstalig onderwijs en dit wens ik alle jonge Brusselaars toe. Naast leerkansen zijn ook woonkansen heel belangrijk. Iedereen een betaalbaar en kwaliteitsvol dak boven zijn hoofd.\u201d\u00a0\",\"breadcrumb\":{\"@id\":\"https:\\\/\\\/vooruit.brussels\\\/fr\\\/onze-kandidaten\\\/safouane-akremi\\\/#breadcrumb\"},\"inLanguage\":\"fr-BE\",\"potentialAction\":[{\"@type\":\"ReadAction\",\"target\":[\"https:\\\/\\\/vooruit.brussels\\\/fr\\\/onze-kandidaten\\\/safouane-akremi\\\/\"]}]},{\"@type\":\"ImageObject\",\"inLanguage\":\"fr-BE\",\"@id\":\"https:\\\/\\\/vooruit.brussels\\\/fr\\\/onze-kandidaten\\\/safouane-akremi\\\/#primaryimage\",\"url\":\"https:\\\/\\\/vooruit.brussels\\\/wp-content\\\/uploads\\\/2024\\\/04\\\/BRU_VLA_EFF_03_AKREMI_S.jpg\",\"contentUrl\":\"https:\\\/\\\/vooruit.brussels\\\/wp-content\\\/uploads\\\/2024\\\/04\\\/BRU_VLA_EFF_03_AKREMI_S.jpg\",\"width\":450,\"height\":600},{\"@type\":\"BreadcrumbList\",\"@id\":\"https:\\\/\\\/vooruit.brussels\\\/fr\\\/onze-kandidaten\\\/safouane-akremi\\\/#breadcrumb\",\"itemListElement\":[{\"@type\":\"ListItem\",\"position\":1,\"name\":\"Accueil\",\"item\":\"https:\\\/\\\/vooruit.brussels\\\/en\\\/\"},{\"@type\":\"ListItem\",\"position\":2,\"name\":\"Kandidaten\",\"item\":\"https:\\\/\\\/vooruit.brussels\\\/en\\\/onze-kandidaten\\\/\"},{\"@type\":\"ListItem\",\"position\":3,\"name\":\"3. Safouane Akremi\"}]},{\"@type\":\"WebSite\",\"@id\":\"https:\\\/\\\/vooruit.brussels\\\/en\\\/#website\",\"url\":\"https:\\\/\\\/vooruit.brussels\\\/en\\\/\",\"name\":\"Vooruit.brussels\",\"description\":\"\",\"potentialAction\":[{\"@type\":\"SearchAction\",\"target\":{\"@type\":\"EntryPoint\",\"urlTemplate\":\"https:\\\/\\\/vooruit.brussels\\\/en\\\/?s={search_term_string}\"},\"query-input\":{\"@type\":\"PropertyValueSpecification\",\"valueRequired\":true,\"valueName\":\"search_term_string\"}}],\"inLanguage\":\"fr-BE\"}]}<\/script>\n<!-- \/ Yoast SEO plugin. -->","yoast_head_json":{"title":"3. Safouane Akremi - Vooruit.brussels","description":"\u00ab\u202fEnfant, j'ai eu des opportunit\u00e9s gr\u00e2ce \u00e0 l'enseignement n\u00e9erlandophone et c'est ce que je souhaite \u00e0 tous les jeunes de Bruxelles. Outre les possibilit\u00e9s d'apprentissage, le logement est \u00e9galement tr\u00e8s important. Tout le monde doit pouvoir se loger d\u00e9cemment \u00e0 un prix abordable.\u202f\u00bb\u00a0","robots":{"index":"index","follow":"follow","max-snippet":"max-snippet:-1","max-image-preview":"max-image-preview:large","max-video-preview":"max-video-preview:-1"},"canonical":"https:\/\/vooruit.brussels\/fr\/onze-kandidaten\/safouane-akremi\/","og_locale":"fr_FR","og_type":"article","og_title":"3. Safouane Akremi - Vooruit.brussels","og_description":"\u201cAls kind kreeg ik kansen dankzij het Nederlandstalig onderwijs en dit wens ik alle jonge Brusselaars toe. Naast leerkansen zijn ook woonkansen heel belangrijk. Iedereen een betaalbaar en kwaliteitsvol dak boven zijn hoofd.\u201d\u00a0","og_url":"https:\/\/vooruit.brussels\/fr\/onze-kandidaten\/safouane-akremi\/","og_site_name":"Vooruit.brussels","article_modified_time":"2026-02-23T13:10:24+00:00","og_image":[{"width":450,"height":600,"url":"https:\/\/vooruit.brussels\/wp-content\/uploads\/2024\/04\/BRU_VLA_EFF_03_AKREMI_S.jpg","type":"image\/jpeg"}],"twitter_card":"summary_large_image","twitter_misc":{"Dur\u00e9e de lecture est.":"1 minute"},"schema":{"@context":"https:\/\/schema.org","@graph":[{"@type":"WebPage","@id":"https:\/\/vooruit.brussels\/fr\/onze-kandidaten\/safouane-akremi\/","url":"https:\/\/vooruit.brussels\/fr\/onze-kandidaten\/safouane-akremi\/","name":"3. Safouane Akremi - Vooruit.brussels","isPartOf":{"@id":"https:\/\/vooruit.brussels\/en\/#website"},"primaryImageOfPage":{"@id":"https:\/\/vooruit.brussels\/fr\/onze-kandidaten\/safouane-akremi\/#primaryimage"},"image":{"@id":"https:\/\/vooruit.brussels\/fr\/onze-kandidaten\/safouane-akremi\/#primaryimage"},"thumbnailUrl":"https:\/\/vooruit.brussels\/wp-content\/uploads\/2024\/04\/BRU_VLA_EFF_03_AKREMI_S.jpg","datePublished":"2024-04-18T20:15:01+00:00","dateModified":"2026-02-23T13:10:24+00:00","description":"\u00ab\u202fEnfant, j'ai eu des opportunit\u00e9s gr\u00e2ce \u00e0 l'enseignement n\u00e9erlandophone et c'est ce que je souhaite \u00e0 tous les jeunes de Bruxelles. Outre les possibilit\u00e9s d'apprentissage, le logement est \u00e9galement tr\u00e8s important. Tout le monde doit pouvoir se loger d\u00e9cemment \u00e0 un prix abordable.\u202f\u00bb\u00a0","breadcrumb":{"@id":"https:\/\/vooruit.brussels\/fr\/onze-kandidaten\/safouane-akremi\/#breadcrumb"},"inLanguage":"fr-BE","potentialAction":[{"@type":"ReadAction","target":["https:\/\/vooruit.brussels\/fr\/onze-kandidaten\/safouane-akremi\/"]}]},{"@type":"ImageObject","inLanguage":"fr-BE","@id":"https:\/\/vooruit.brussels\/fr\/onze-kandidaten\/safouane-akremi\/#primaryimage","url":"https:\/\/vooruit.brussels\/wp-content\/uploads\/2024\/04\/BRU_VLA_EFF_03_AKREMI_S.jpg","contentUrl":"https:\/\/vooruit.brussels\/wp-content\/uploads\/2024\/04\/BRU_VLA_EFF_03_AKREMI_S.jpg","width":450,"height":600},{"@type":"BreadcrumbList","@id":"https:\/\/vooruit.brussels\/fr\/onze-kandidaten\/safouane-akremi\/#breadcrumb","itemListElement":[{"@type":"ListItem","position":1,"name":"Accueil","item":"https:\/\/vooruit.brussels\/en\/"},{"@type":"ListItem","position":2,"name":"Kandidaten","item":"https:\/\/vooruit.brussels\/en\/onze-kandidaten\/"},{"@type":"ListItem","position":3,"name":"3. Safouane Akremi"}]},{"@type":"WebSite","@id":"https:\/\/vooruit.brussels\/en\/#website","url":"https:\/\/vooruit.brussels\/en\/","name":"Vooruit.brussels","description":"","potentialAction":[{"@type":"SearchAction","target":{"@type":"EntryPoint","urlTemplate":"https:\/\/vooruit.brussels\/en\/?s={search_term_string}"},"query-input":{"@type":"PropertyValueSpecification","valueRequired":true,"valueName":"search_term_string"}}],"inLanguage":"fr-BE"}]}},"_links":{"self":[{"href":"https:\/\/vooruit.brussels\/fr\/wp-json\/wp\/v2\/kandidaat\/2208","targetHints":{"allow":["GET"]}}],"collection":[{"href":"https:\/\/vooruit.brussels\/fr\/wp-json\/wp\/v2\/kandidaat"}],"about":[{"href":"https:\/\/vooruit.brussels\/fr\/wp-json\/wp\/v2\/types\/kandidaat"}],"wp:featuredmedia":[{"embeddable":true,"href":"https:\/\/vooruit.brussels\/fr\/wp-json\/wp\/v2\/media\/1702"}],"wp:attachment":[{"href":"https:\/\/vooruit.brussels\/fr\/wp-json\/wp\/v2\/media?parent=2208"}],"wp:term":[{"taxonomy":"category","embeddable":true,"href":"https:\/\/vooruit.brussels\/fr\/wp-json\/wp\/v2\/categories?post=2208"}],"curies":[{"name":"wp","href":"https:\/\/api.w.org\/{rel}","templated":true}]}}

<!-- This site is optimized with the Yoast SEO plugin v27.4 - https://yoast.com/product/yoast-seo-wordpress/ -->
<title>3. Safouane Akremi - Vooruit.brussels</title>
<meta name="description" content="“Als kind kreeg ik kansen dankzij het Nederlandstalig onderwijs en dit wens ik alle jonge Brusselaars toe. Naast leerkansen zijn ook woonkansen heel belangrijk. Iedereen een betaalbaar en kwaliteitsvol dak boven zijn hoofd.” " />
<meta name="robots" content="index, follow, max-snippet:-1, max-image-preview:large, max-video-preview:-1" />
<link rel="canonical" href="https://vooruit.brussels/fr/onze-kandidaten/safouane-akremi/" />
<meta property="og:locale" content="fr_FR" />
<meta property="og:type" content="article" />
<meta property="og:title" content="3. Safouane Akremi - Vooruit.brussels" />
<meta property="og:description" content="“Als kind kreeg ik kansen dankzij het Nederlandstalig onderwijs en dit wens ik alle jonge Brusselaars toe. Naast leerkansen zijn ook woonkansen heel belangrijk. Iedereen een betaalbaar en kwaliteitsvol dak boven zijn hoofd.” " />
<meta property="og:url" content="https://vooruit.brussels/fr/onze-kandidaten/safouane-akremi/" />
<meta property="og:site_name" content="Vooruit.brussels" />
<meta property="article:modified_time" content="2026-02-23T13:10:24+00:00" />
<meta property="og:image" content="https://vooruit.brussels/wp-content/uploads/2024/04/BRU_VLA_EFF_03_AKREMI_S.jpg" />
	<meta property="og:image:width" content="450" />
	<meta property="og:image:height" content="600" />
	<meta property="og:image:type" content="image/jpeg" />
<meta name="twitter:card" content="summary_large_image" />
<meta name="twitter:label1" content="Durée de lecture est." />
	<meta name="twitter:data1" content="1 minute" />
<script type="application/ld+json" class="yoast-schema-graph">{"@context":"https:\/\/schema.org","@graph":[{"@type":"WebPage","@id":"https:\/\/vooruit.brussels\/fr\/onze-kandidaten\/safouane-akremi\/","url":"https:\/\/vooruit.brussels\/fr\/onze-kandidaten\/safouane-akremi\/","name":"3. Safouane Akremi - Vooruit.brussels","isPartOf":{"@id":"https:\/\/vooruit.brussels\/en\/#website"},"primaryImageOfPage":{"@id":"https:\/\/vooruit.brussels\/fr\/onze-kandidaten\/safouane-akremi\/#primaryimage"},"image":{"@id":"https:\/\/vooruit.brussels\/fr\/onze-kandidaten\/safouane-akremi\/#primaryimage"},"thumbnailUrl":"https:\/\/vooruit.brussels\/wp-content\/uploads\/2024\/04\/BRU_VLA_EFF_03_AKREMI_S.jpg","datePublished":"2024-04-18T20:15:01+00:00","dateModified":"2026-02-23T13:10:24+00:00","description":"“Als kind kreeg ik kansen dankzij het Nederlandstalig onderwijs en dit wens ik alle jonge Brusselaars toe. Naast leerkansen zijn ook woonkansen heel belangrijk. Iedereen een betaalbaar en kwaliteitsvol dak boven zijn hoofd.” ","breadcrumb":{"@id":"https:\/\/vooruit.brussels\/fr\/onze-kandidaten\/safouane-akremi\/#breadcrumb"},"inLanguage":"fr-BE","potentialAction":[{"@type":"ReadAction","target":["https:\/\/vooruit.brussels\/fr\/onze-kandidaten\/safouane-akremi\/"]}]},{"@type":"ImageObject","inLanguage":"fr-BE","@id":"https:\/\/vooruit.brussels\/fr\/onze-kandidaten\/safouane-akremi\/#primaryimage","url":"https:\/\/vooruit.brussels\/wp-content\/uploads\/2024\/04\/BRU_VLA_EFF_03_AKREMI_S.jpg","contentUrl":"https:\/\/vooruit.brussels\/wp-content\/uploads\/2024\/04\/BRU_VLA_EFF_03_AKREMI_S.jpg","width":450,"height":600},{"@type":"BreadcrumbList","@id":"https:\/\/vooruit.brussels\/fr\/onze-kandidaten\/safouane-akremi\/#breadcrumb","itemListElement":[{"@type":"ListItem","position":1,"name":"Accueil","item":"https:\/\/vooruit.brussels\/en\/"},{"@type":"ListItem","position":2,"name":"Kandidaten","item":"https:\/\/vooruit.brussels\/en\/onze-kandidaten\/"},{"@type":"ListItem","position":3,"name":"3. Safouane Akremi"}]},{"@type":"WebSite","@id":"https:\/\/vooruit.brussels\/en\/#website","url":"https:\/\/vooruit.brussels\/en\/","name":"Vooruit.brussels","description":"","potentialAction":[{"@type":"SearchAction","target":{"@type":"EntryPoint","urlTemplate":"https:\/\/vooruit.brussels\/en\/?s={search_term_string}"},"query-input":{"@type":"PropertyValueSpecification","valueRequired":true,"valueName":"search_term_string"}}],"inLanguage":"fr-BE"}]}</script>
<!-- / Yoast SEO plugin. -->

« Enfant, j'ai eu des opportunités grâce à l'enseignement néerlandophone et c'est ce que je souhaite à tous les jeunes de Bruxelles. Outre les possibilités d'apprentissage, le logement est également très important. Tout le monde doit pouvoir se loger décemment à un prix abordable. »
