{"id":2213,"date":"2024-04-19T09:51:21","date_gmt":"2024-04-19T07:51:21","guid":{"rendered":"https:\/\/dev.vooruit.brussels\/?post_type=kandidaat&#038;p=2213"},"modified":"2024-05-13T09:50:07","modified_gmt":"2024-05-13T07:50:07","slug":"mohammed-idrissi","status":"publish","type":"kandidaat","link":"https:\/\/vooruit.brussels\/fr\/onze-kandidaten\/mohammed-idrissi\/","title":{"rendered":"17. Mohammed Idrissi"},"featured_media":1697,"template":"","categories":[],"class_list":["post-2213","kandidaat","type-kandidaat","status-publish","has-post-thumbnail","hentry"],"acf":[],"yoast_head":"<!-- This site is optimized with the Yoast SEO plugin v27.4 - https:\/\/yoast.com\/product\/yoast-seo-wordpress\/ -->\n<title>17. Mohammed Idrissi - Vooruit.brussels<\/title>\n<meta name=\"description\" content=\"Samen kunnen we Brussel beter maken. We willen een stem geven aan de jongeren. We willen blijven investeren in sport en cultuur, iedereen een job en gelijke kansen op succes garanderen, maar we willen vooral dat iedereen een dak boven het hoofd heeft. Dit zijn meer dan alleen maar woorden: we willen hoop cre\u00ebren bij de jongeren, luisteren naar hun noden, hun dromen waarmaken en samen met hen bouwen aan de toekomst van onze stad.\u00a0\u00a0\" \/>\n<meta name=\"robots\" content=\"index, follow, max-snippet:-1, max-image-preview:large, max-video-preview:-1\" \/>\n<link rel=\"canonical\" href=\"https:\/\/vooruit.brussels\/fr\/onze-kandidaten\/mohammed-idrissi\/\" \/>\n<meta property=\"og:locale\" content=\"fr_FR\" \/>\n<meta property=\"og:type\" content=\"article\" \/>\n<meta property=\"og:title\" content=\"17. Mohammed Idrissi - Vooruit.brussels\" \/>\n<meta property=\"og:description\" content=\"Samen kunnen we Brussel beter maken. We willen een stem geven aan de jongeren. We willen blijven investeren in sport en cultuur, iedereen een job en gelijke kansen op succes garanderen, maar we willen vooral dat iedereen een dak boven het hoofd heeft. Dit zijn meer dan alleen maar woorden: we willen hoop cre\u00ebren bij de jongeren, luisteren naar hun noden, hun dromen waarmaken en samen met hen bouwen aan de toekomst van onze stad.\u00a0\u00a0\" \/>\n<meta property=\"og:url\" content=\"https:\/\/vooruit.brussels\/fr\/onze-kandidaten\/mohammed-idrissi\/\" \/>\n<meta property=\"og:site_name\" content=\"Vooruit.brussels\" \/>\n<meta property=\"article:modified_time\" content=\"2024-05-13T07:50:07+00:00\" \/>\n<meta property=\"og:image\" content=\"https:\/\/vooruit.brussels\/wp-content\/uploads\/2024\/04\/BRU_EFF_17_IDRISSI_S.jpg\" \/>\n\t<meta property=\"og:image:width\" content=\"450\" \/>\n\t<meta property=\"og:image:height\" content=\"600\" \/>\n\t<meta property=\"og:image:type\" content=\"image\/jpeg\" \/>\n<meta name=\"twitter:card\" content=\"summary_large_image\" \/>\n<meta name=\"twitter:label1\" content=\"Dur\u00e9e de lecture est.\" \/>\n\t<meta name=\"twitter:data1\" content=\"1 minute\" \/>\n<script type=\"application\/ld+json\" class=\"yoast-schema-graph\">{\"@context\":\"https:\\\/\\\/schema.org\",\"@graph\":[{\"@type\":\"WebPage\",\"@id\":\"https:\\\/\\\/vooruit.brussels\\\/fr\\\/onze-kandidaten\\\/mohammed-idrissi\\\/\",\"url\":\"https:\\\/\\\/vooruit.brussels\\\/fr\\\/onze-kandidaten\\\/mohammed-idrissi\\\/\",\"name\":\"17. Mohammed Idrissi - Vooruit.brussels\",\"isPartOf\":{\"@id\":\"https:\\\/\\\/vooruit.brussels\\\/en\\\/#website\"},\"primaryImageOfPage\":{\"@id\":\"https:\\\/\\\/vooruit.brussels\\\/fr\\\/onze-kandidaten\\\/mohammed-idrissi\\\/#primaryimage\"},\"image\":{\"@id\":\"https:\\\/\\\/vooruit.brussels\\\/fr\\\/onze-kandidaten\\\/mohammed-idrissi\\\/#primaryimage\"},\"thumbnailUrl\":\"https:\\\/\\\/vooruit.brussels\\\/wp-content\\\/uploads\\\/2024\\\/04\\\/BRU_EFF_17_IDRISSI_S.jpg\",\"datePublished\":\"2024-04-19T07:51:21+00:00\",\"dateModified\":\"2024-05-13T07:50:07+00:00\",\"description\":\"Samen kunnen we Brussel beter maken. We willen een stem geven aan de jongeren. We willen blijven investeren in sport en cultuur, iedereen een job en gelijke kansen op succes garanderen, maar we willen vooral dat iedereen een dak boven het hoofd heeft. Dit zijn meer dan alleen maar woorden: we willen hoop cre\u00ebren bij de jongeren, luisteren naar hun noden, hun dromen waarmaken en samen met hen bouwen aan de toekomst van onze stad.\u00a0\u00a0\",\"breadcrumb\":{\"@id\":\"https:\\\/\\\/vooruit.brussels\\\/fr\\\/onze-kandidaten\\\/mohammed-idrissi\\\/#breadcrumb\"},\"inLanguage\":\"fr-BE\",\"potentialAction\":[{\"@type\":\"ReadAction\",\"target\":[\"https:\\\/\\\/vooruit.brussels\\\/fr\\\/onze-kandidaten\\\/mohammed-idrissi\\\/\"]}]},{\"@type\":\"ImageObject\",\"inLanguage\":\"fr-BE\",\"@id\":\"https:\\\/\\\/vooruit.brussels\\\/fr\\\/onze-kandidaten\\\/mohammed-idrissi\\\/#primaryimage\",\"url\":\"https:\\\/\\\/vooruit.brussels\\\/wp-content\\\/uploads\\\/2024\\\/04\\\/BRU_EFF_17_IDRISSI_S.jpg\",\"contentUrl\":\"https:\\\/\\\/vooruit.brussels\\\/wp-content\\\/uploads\\\/2024\\\/04\\\/BRU_EFF_17_IDRISSI_S.jpg\",\"width\":450,\"height\":600},{\"@type\":\"BreadcrumbList\",\"@id\":\"https:\\\/\\\/vooruit.brussels\\\/fr\\\/onze-kandidaten\\\/mohammed-idrissi\\\/#breadcrumb\",\"itemListElement\":[{\"@type\":\"ListItem\",\"position\":1,\"name\":\"Accueil\",\"item\":\"https:\\\/\\\/vooruit.brussels\\\/en\\\/\"},{\"@type\":\"ListItem\",\"position\":2,\"name\":\"Kandidaten\",\"item\":\"https:\\\/\\\/vooruit.brussels\\\/en\\\/onze-kandidaten\\\/\"},{\"@type\":\"ListItem\",\"position\":3,\"name\":\"17. Mohammed Idrissi\"}]},{\"@type\":\"WebSite\",\"@id\":\"https:\\\/\\\/vooruit.brussels\\\/en\\\/#website\",\"url\":\"https:\\\/\\\/vooruit.brussels\\\/en\\\/\",\"name\":\"Vooruit.brussels\",\"description\":\"\",\"potentialAction\":[{\"@type\":\"SearchAction\",\"target\":{\"@type\":\"EntryPoint\",\"urlTemplate\":\"https:\\\/\\\/vooruit.brussels\\\/en\\\/?s={search_term_string}\"},\"query-input\":{\"@type\":\"PropertyValueSpecification\",\"valueRequired\":true,\"valueName\":\"search_term_string\"}}],\"inLanguage\":\"fr-BE\"}]}<\/script>\n<!-- \/ Yoast SEO plugin. -->","yoast_head_json":{"title":"17. Mohammed Idrissi - Vooruit.brussels","description":"Ensemble, nous pouvons transformer Bruxelles. Nous voulons donner voix aux jeunes et \u00e9couter leurs besoins. Nous voulons continuer \u00e0 investir dans le sport, la culture, mais surtout garantir un toit, un travail, une \u00e9galit\u00e9 des chances pour toutes et tous. Plus que des mots, nous voulons inspirer l\u2019espoir chez les jeunes, r\u00e9aliser leurs r\u00eaves et construire avec eux l\u2019avenir de notre ville.\u00a0\u00a0","robots":{"index":"index","follow":"follow","max-snippet":"max-snippet:-1","max-image-preview":"max-image-preview:large","max-video-preview":"max-video-preview:-1"},"canonical":"https:\/\/vooruit.brussels\/fr\/onze-kandidaten\/mohammed-idrissi\/","og_locale":"fr_FR","og_type":"article","og_title":"17. Mohammed Idrissi - Vooruit.brussels","og_description":"Samen kunnen we Brussel beter maken. We willen een stem geven aan de jongeren. We willen blijven investeren in sport en cultuur, iedereen een job en gelijke kansen op succes garanderen, maar we willen vooral dat iedereen een dak boven het hoofd heeft. Dit zijn meer dan alleen maar woorden: we willen hoop cre\u00ebren bij de jongeren, luisteren naar hun noden, hun dromen waarmaken en samen met hen bouwen aan de toekomst van onze stad.\u00a0\u00a0","og_url":"https:\/\/vooruit.brussels\/fr\/onze-kandidaten\/mohammed-idrissi\/","og_site_name":"Vooruit.brussels","article_modified_time":"2024-05-13T07:50:07+00:00","og_image":[{"width":450,"height":600,"url":"https:\/\/vooruit.brussels\/wp-content\/uploads\/2024\/04\/BRU_EFF_17_IDRISSI_S.jpg","type":"image\/jpeg"}],"twitter_card":"summary_large_image","twitter_misc":{"Dur\u00e9e de lecture est.":"1 minute"},"schema":{"@context":"https:\/\/schema.org","@graph":[{"@type":"WebPage","@id":"https:\/\/vooruit.brussels\/fr\/onze-kandidaten\/mohammed-idrissi\/","url":"https:\/\/vooruit.brussels\/fr\/onze-kandidaten\/mohammed-idrissi\/","name":"17. Mohammed Idrissi - Vooruit.brussels","isPartOf":{"@id":"https:\/\/vooruit.brussels\/en\/#website"},"primaryImageOfPage":{"@id":"https:\/\/vooruit.brussels\/fr\/onze-kandidaten\/mohammed-idrissi\/#primaryimage"},"image":{"@id":"https:\/\/vooruit.brussels\/fr\/onze-kandidaten\/mohammed-idrissi\/#primaryimage"},"thumbnailUrl":"https:\/\/vooruit.brussels\/wp-content\/uploads\/2024\/04\/BRU_EFF_17_IDRISSI_S.jpg","datePublished":"2024-04-19T07:51:21+00:00","dateModified":"2024-05-13T07:50:07+00:00","description":"Ensemble, nous pouvons transformer Bruxelles. Nous voulons donner voix aux jeunes et \u00e9couter leurs besoins. Nous voulons continuer \u00e0 investir dans le sport, la culture, mais surtout garantir un toit, un travail, une \u00e9galit\u00e9 des chances pour toutes et tous. Plus que des mots, nous voulons inspirer l\u2019espoir chez les jeunes, r\u00e9aliser leurs r\u00eaves et construire avec eux l\u2019avenir de notre ville.\u00a0\u00a0","breadcrumb":{"@id":"https:\/\/vooruit.brussels\/fr\/onze-kandidaten\/mohammed-idrissi\/#breadcrumb"},"inLanguage":"fr-BE","potentialAction":[{"@type":"ReadAction","target":["https:\/\/vooruit.brussels\/fr\/onze-kandidaten\/mohammed-idrissi\/"]}]},{"@type":"ImageObject","inLanguage":"fr-BE","@id":"https:\/\/vooruit.brussels\/fr\/onze-kandidaten\/mohammed-idrissi\/#primaryimage","url":"https:\/\/vooruit.brussels\/wp-content\/uploads\/2024\/04\/BRU_EFF_17_IDRISSI_S.jpg","contentUrl":"https:\/\/vooruit.brussels\/wp-content\/uploads\/2024\/04\/BRU_EFF_17_IDRISSI_S.jpg","width":450,"height":600},{"@type":"BreadcrumbList","@id":"https:\/\/vooruit.brussels\/fr\/onze-kandidaten\/mohammed-idrissi\/#breadcrumb","itemListElement":[{"@type":"ListItem","position":1,"name":"Accueil","item":"https:\/\/vooruit.brussels\/en\/"},{"@type":"ListItem","position":2,"name":"Kandidaten","item":"https:\/\/vooruit.brussels\/en\/onze-kandidaten\/"},{"@type":"ListItem","position":3,"name":"17. Mohammed Idrissi"}]},{"@type":"WebSite","@id":"https:\/\/vooruit.brussels\/en\/#website","url":"https:\/\/vooruit.brussels\/en\/","name":"Vooruit.brussels","description":"","potentialAction":[{"@type":"SearchAction","target":{"@type":"EntryPoint","urlTemplate":"https:\/\/vooruit.brussels\/en\/?s={search_term_string}"},"query-input":{"@type":"PropertyValueSpecification","valueRequired":true,"valueName":"search_term_string"}}],"inLanguage":"fr-BE"}]}},"_links":{"self":[{"href":"https:\/\/vooruit.brussels\/fr\/wp-json\/wp\/v2\/kandidaat\/2213","targetHints":{"allow":["GET"]}}],"collection":[{"href":"https:\/\/vooruit.brussels\/fr\/wp-json\/wp\/v2\/kandidaat"}],"about":[{"href":"https:\/\/vooruit.brussels\/fr\/wp-json\/wp\/v2\/types\/kandidaat"}],"wp:featuredmedia":[{"embeddable":true,"href":"https:\/\/vooruit.brussels\/fr\/wp-json\/wp\/v2\/media\/1697"}],"wp:attachment":[{"href":"https:\/\/vooruit.brussels\/fr\/wp-json\/wp\/v2\/media?parent=2213"}],"wp:term":[{"taxonomy":"category","embeddable":true,"href":"https:\/\/vooruit.brussels\/fr\/wp-json\/wp\/v2\/categories?post=2213"}],"curies":[{"name":"wp","href":"https:\/\/api.w.org\/{rel}","templated":true}]}}

<!-- This site is optimized with the Yoast SEO plugin v27.4 - https://yoast.com/product/yoast-seo-wordpress/ -->
<title>17. Mohammed Idrissi - Vooruit.brussels</title>
<meta name="description" content="Samen kunnen we Brussel beter maken. We willen een stem geven aan de jongeren. We willen blijven investeren in sport en cultuur, iedereen een job en gelijke kansen op succes garanderen, maar we willen vooral dat iedereen een dak boven het hoofd heeft. Dit zijn meer dan alleen maar woorden: we willen hoop creëren bij de jongeren, luisteren naar hun noden, hun dromen waarmaken en samen met hen bouwen aan de toekomst van onze stad.  " />
<meta name="robots" content="index, follow, max-snippet:-1, max-image-preview:large, max-video-preview:-1" />
<link rel="canonical" href="https://vooruit.brussels/fr/onze-kandidaten/mohammed-idrissi/" />
<meta property="og:locale" content="fr_FR" />
<meta property="og:type" content="article" />
<meta property="og:title" content="17. Mohammed Idrissi - Vooruit.brussels" />
<meta property="og:description" content="Samen kunnen we Brussel beter maken. We willen een stem geven aan de jongeren. We willen blijven investeren in sport en cultuur, iedereen een job en gelijke kansen op succes garanderen, maar we willen vooral dat iedereen een dak boven het hoofd heeft. Dit zijn meer dan alleen maar woorden: we willen hoop creëren bij de jongeren, luisteren naar hun noden, hun dromen waarmaken en samen met hen bouwen aan de toekomst van onze stad.  " />
<meta property="og:url" content="https://vooruit.brussels/fr/onze-kandidaten/mohammed-idrissi/" />
<meta property="og:site_name" content="Vooruit.brussels" />
<meta property="article:modified_time" content="2024-05-13T07:50:07+00:00" />
<meta property="og:image" content="https://vooruit.brussels/wp-content/uploads/2024/04/BRU_EFF_17_IDRISSI_S.jpg" />
	<meta property="og:image:width" content="450" />
	<meta property="og:image:height" content="600" />
	<meta property="og:image:type" content="image/jpeg" />
<meta name="twitter:card" content="summary_large_image" />
<meta name="twitter:label1" content="Durée de lecture est." />
	<meta name="twitter:data1" content="1 minute" />
<script type="application/ld+json" class="yoast-schema-graph">{"@context":"https:\/\/schema.org","@graph":[{"@type":"WebPage","@id":"https:\/\/vooruit.brussels\/fr\/onze-kandidaten\/mohammed-idrissi\/","url":"https:\/\/vooruit.brussels\/fr\/onze-kandidaten\/mohammed-idrissi\/","name":"17. Mohammed Idrissi - Vooruit.brussels","isPartOf":{"@id":"https:\/\/vooruit.brussels\/en\/#website"},"primaryImageOfPage":{"@id":"https:\/\/vooruit.brussels\/fr\/onze-kandidaten\/mohammed-idrissi\/#primaryimage"},"image":{"@id":"https:\/\/vooruit.brussels\/fr\/onze-kandidaten\/mohammed-idrissi\/#primaryimage"},"thumbnailUrl":"https:\/\/vooruit.brussels\/wp-content\/uploads\/2024\/04\/BRU_EFF_17_IDRISSI_S.jpg","datePublished":"2024-04-19T07:51:21+00:00","dateModified":"2024-05-13T07:50:07+00:00","description":"Samen kunnen we Brussel beter maken. We willen een stem geven aan de jongeren. We willen blijven investeren in sport en cultuur, iedereen een job en gelijke kansen op succes garanderen, maar we willen vooral dat iedereen een dak boven het hoofd heeft. Dit zijn meer dan alleen maar woorden: we willen hoop creëren bij de jongeren, luisteren naar hun noden, hun dromen waarmaken en samen met hen bouwen aan de toekomst van onze stad.  ","breadcrumb":{"@id":"https:\/\/vooruit.brussels\/fr\/onze-kandidaten\/mohammed-idrissi\/#breadcrumb"},"inLanguage":"fr-BE","potentialAction":[{"@type":"ReadAction","target":["https:\/\/vooruit.brussels\/fr\/onze-kandidaten\/mohammed-idrissi\/"]}]},{"@type":"ImageObject","inLanguage":"fr-BE","@id":"https:\/\/vooruit.brussels\/fr\/onze-kandidaten\/mohammed-idrissi\/#primaryimage","url":"https:\/\/vooruit.brussels\/wp-content\/uploads\/2024\/04\/BRU_EFF_17_IDRISSI_S.jpg","contentUrl":"https:\/\/vooruit.brussels\/wp-content\/uploads\/2024\/04\/BRU_EFF_17_IDRISSI_S.jpg","width":450,"height":600},{"@type":"BreadcrumbList","@id":"https:\/\/vooruit.brussels\/fr\/onze-kandidaten\/mohammed-idrissi\/#breadcrumb","itemListElement":[{"@type":"ListItem","position":1,"name":"Accueil","item":"https:\/\/vooruit.brussels\/en\/"},{"@type":"ListItem","position":2,"name":"Kandidaten","item":"https:\/\/vooruit.brussels\/en\/onze-kandidaten\/"},{"@type":"ListItem","position":3,"name":"17. Mohammed Idrissi"}]},{"@type":"WebSite","@id":"https:\/\/vooruit.brussels\/en\/#website","url":"https:\/\/vooruit.brussels\/en\/","name":"Vooruit.brussels","description":"","potentialAction":[{"@type":"SearchAction","target":{"@type":"EntryPoint","urlTemplate":"https:\/\/vooruit.brussels\/en\/?s={search_term_string}"},"query-input":{"@type":"PropertyValueSpecification","valueRequired":true,"valueName":"search_term_string"}}],"inLanguage":"fr-BE"}]}</script>
<!-- / Yoast SEO plugin. -->

Ensemble, nous pouvons transformer Bruxelles. Nous voulons donner voix aux jeunes et écouter leurs besoins. Nous voulons continuer à investir dans le sport, la culture, mais surtout garantir un toit, un travail, une égalité des chances pour toutes et tous. Plus que des mots, nous voulons inspirer l’espoir chez les jeunes, réaliser leurs rêves et construire avec eux l’avenir de notre ville.

Samen kunnen we Brussel beter maken. We willen een stem geven aan de jongeren. We willen blijven investeren in sport en cultuur, iedereen een job en gelijke kansen op succes garanderen, maar we willen vooral dat iedereen een dak boven het hoofd heeft. Dit zijn meer dan alleen maar woorden: we willen hoop creëren bij de jongeren, luisteren naar hun noden, hun dromen waarmaken en samen met hen bouwen aan de toekomst van onze stad.
