{"id":2214,"date":"2024-04-19T10:02:58","date_gmt":"2024-04-19T08:02:58","guid":{"rendered":"https:\/\/dev.vooruit.brussels\/?post_type=kandidaat&#038;p=2214"},"modified":"2024-04-26T15:56:34","modified_gmt":"2024-04-26T13:56:34","slug":"lola-dirkx","status":"publish","type":"kandidaat","link":"https:\/\/vooruit.brussels\/fr\/onze-kandidaten\/lola-dirkx\/","title":{"rendered":"16. Lola Dirkx"},"featured_media":1696,"template":"","categories":[],"class_list":["post-2214","kandidaat","type-kandidaat","status-publish","has-post-thumbnail","hentry"],"acf":[],"yoast_head":"<!-- This site is optimized with the Yoast SEO plugin v27.4 - https:\/\/yoast.com\/product\/yoast-seo-wordpress\/ -->\n<title>16. Lola Dirkx - Vooruit.brussels<\/title>\n<meta name=\"description\" content=\"Ik droom van en Brussel waar er meer orde in de chaos zit. Een Brussel met meer sociale woningen, waar tijdelijk gebruik een evidentie wordt. Een Brussel met meer bomen en meer architecturale ambitie.\u202fEen Brussel die haar eerste vrouwelijke minister-president kent, en Brussel-Stad haar eerste vrouwelijke burgemeester.\u202f\u00a0\" \/>\n<meta name=\"robots\" content=\"index, follow, max-snippet:-1, max-image-preview:large, max-video-preview:-1\" \/>\n<link rel=\"canonical\" href=\"https:\/\/vooruit.brussels\/fr\/onze-kandidaten\/lola-dirkx\/\" \/>\n<meta property=\"og:locale\" content=\"fr_FR\" \/>\n<meta property=\"og:type\" content=\"article\" \/>\n<meta property=\"og:title\" content=\"16. Lola Dirkx - Vooruit.brussels\" \/>\n<meta property=\"og:description\" content=\"Ik droom van en Brussel waar er meer orde in de chaos zit. Een Brussel met meer sociale woningen, waar tijdelijk gebruik een evidentie wordt. Een Brussel met meer bomen en meer architecturale ambitie.\u202fEen Brussel die haar eerste vrouwelijke minister-president kent, en Brussel-Stad haar eerste vrouwelijke burgemeester.\u202f\u00a0\" \/>\n<meta property=\"og:url\" content=\"https:\/\/vooruit.brussels\/fr\/onze-kandidaten\/lola-dirkx\/\" \/>\n<meta property=\"og:site_name\" content=\"Vooruit.brussels\" \/>\n<meta property=\"article:modified_time\" content=\"2024-04-26T13:56:34+00:00\" \/>\n<meta property=\"og:image\" content=\"https:\/\/vooruit.brussels\/wp-content\/uploads\/2024\/04\/BRU_EFF_16_DIRKX_S.jpg\" \/>\n\t<meta property=\"og:image:width\" content=\"450\" \/>\n\t<meta property=\"og:image:height\" content=\"600\" \/>\n\t<meta property=\"og:image:type\" content=\"image\/jpeg\" \/>\n<meta name=\"twitter:card\" content=\"summary_large_image\" \/>\n<meta name=\"twitter:label1\" content=\"Dur\u00e9e de lecture est.\" \/>\n\t<meta name=\"twitter:data1\" content=\"1 minute\" \/>\n<script type=\"application\/ld+json\" class=\"yoast-schema-graph\">{\"@context\":\"https:\\\/\\\/schema.org\",\"@graph\":[{\"@type\":\"WebPage\",\"@id\":\"https:\\\/\\\/vooruit.brussels\\\/en\\\/onze-kandidaten\\\/lola-dirkx\\\/\",\"url\":\"https:\\\/\\\/vooruit.brussels\\\/en\\\/onze-kandidaten\\\/lola-dirkx\\\/\",\"name\":\"16. Lola Dirkx - Vooruit.brussels\",\"isPartOf\":{\"@id\":\"https:\\\/\\\/vooruit.brussels\\\/en\\\/#website\"},\"primaryImageOfPage\":{\"@id\":\"https:\\\/\\\/vooruit.brussels\\\/en\\\/onze-kandidaten\\\/lola-dirkx\\\/#primaryimage\"},\"image\":{\"@id\":\"https:\\\/\\\/vooruit.brussels\\\/en\\\/onze-kandidaten\\\/lola-dirkx\\\/#primaryimage\"},\"thumbnailUrl\":\"https:\\\/\\\/vooruit.brussels\\\/wp-content\\\/uploads\\\/2024\\\/04\\\/BRU_EFF_16_DIRKX_S.jpg\",\"datePublished\":\"2024-04-19T08:02:58+00:00\",\"dateModified\":\"2024-04-26T13:56:34+00:00\",\"description\":\"Ik droom van en Brussel waar er meer orde in de chaos zit. Een Brussel met meer sociale woningen, waar tijdelijk gebruik een evidentie wordt. Een Brussel met meer bomen en meer architecturale ambitie.\u202fEen Brussel die haar eerste vrouwelijke minister-president kent, en Brussel-Stad haar eerste vrouwelijke burgemeester.\u202f\u00a0\",\"breadcrumb\":{\"@id\":\"https:\\\/\\\/vooruit.brussels\\\/en\\\/onze-kandidaten\\\/lola-dirkx\\\/#breadcrumb\"},\"inLanguage\":\"fr-BE\",\"potentialAction\":[{\"@type\":\"ReadAction\",\"target\":[\"https:\\\/\\\/vooruit.brussels\\\/en\\\/onze-kandidaten\\\/lola-dirkx\\\/\"]}]},{\"@type\":\"ImageObject\",\"inLanguage\":\"fr-BE\",\"@id\":\"https:\\\/\\\/vooruit.brussels\\\/en\\\/onze-kandidaten\\\/lola-dirkx\\\/#primaryimage\",\"url\":\"https:\\\/\\\/vooruit.brussels\\\/wp-content\\\/uploads\\\/2024\\\/04\\\/BRU_EFF_16_DIRKX_S.jpg\",\"contentUrl\":\"https:\\\/\\\/vooruit.brussels\\\/wp-content\\\/uploads\\\/2024\\\/04\\\/BRU_EFF_16_DIRKX_S.jpg\",\"width\":450,\"height\":600},{\"@type\":\"BreadcrumbList\",\"@id\":\"https:\\\/\\\/vooruit.brussels\\\/en\\\/onze-kandidaten\\\/lola-dirkx\\\/#breadcrumb\",\"itemListElement\":[{\"@type\":\"ListItem\",\"position\":1,\"name\":\"Accueil\",\"item\":\"https:\\\/\\\/vooruit.brussels\\\/en\\\/\"},{\"@type\":\"ListItem\",\"position\":2,\"name\":\"Kandidaten\",\"item\":\"https:\\\/\\\/vooruit.brussels\\\/en\\\/onze-kandidaten\\\/\"},{\"@type\":\"ListItem\",\"position\":3,\"name\":\"16. Lola Dirkx\"}]},{\"@type\":\"WebSite\",\"@id\":\"https:\\\/\\\/vooruit.brussels\\\/en\\\/#website\",\"url\":\"https:\\\/\\\/vooruit.brussels\\\/en\\\/\",\"name\":\"Vooruit.brussels\",\"description\":\"\",\"potentialAction\":[{\"@type\":\"SearchAction\",\"target\":{\"@type\":\"EntryPoint\",\"urlTemplate\":\"https:\\\/\\\/vooruit.brussels\\\/en\\\/?s={search_term_string}\"},\"query-input\":{\"@type\":\"PropertyValueSpecification\",\"valueRequired\":true,\"valueName\":\"search_term_string\"}}],\"inLanguage\":\"fr-BE\"}]}<\/script>\n<!-- \/ Yoast SEO plugin. -->","yoast_head_json":{"title":"16. Lola Dirkx - Vooruit.brussels","description":"Je r\u00eave d'une Bruxelles o\u00f9 il y a plus d'ordre dans le chaos. Une Bruxelles avec plus de logements sociaux, o\u00f9 l'utilisation temporaire devient une \u00e9vidence. Une Bruxelles avec plus d'arbres et plus d'ambition architecturale.\u202fUne Bruxelles qui a sa premi\u00e8re femme Ministre-Pr\u00e9sidente, et Bruxelles-Ville sa premi\u00e8re femme bourgmestre.\u202f\u00a0","robots":{"index":"index","follow":"follow","max-snippet":"max-snippet:-1","max-image-preview":"max-image-preview:large","max-video-preview":"max-video-preview:-1"},"canonical":"https:\/\/vooruit.brussels\/fr\/onze-kandidaten\/lola-dirkx\/","og_locale":"fr_FR","og_type":"article","og_title":"16. Lola Dirkx - Vooruit.brussels","og_description":"Ik droom van en Brussel waar er meer orde in de chaos zit. Een Brussel met meer sociale woningen, waar tijdelijk gebruik een evidentie wordt. Een Brussel met meer bomen en meer architecturale ambitie.\u202fEen Brussel die haar eerste vrouwelijke minister-president kent, en Brussel-Stad haar eerste vrouwelijke burgemeester.\u202f\u00a0","og_url":"https:\/\/vooruit.brussels\/fr\/onze-kandidaten\/lola-dirkx\/","og_site_name":"Vooruit.brussels","article_modified_time":"2024-04-26T13:56:34+00:00","og_image":[{"width":450,"height":600,"url":"https:\/\/vooruit.brussels\/wp-content\/uploads\/2024\/04\/BRU_EFF_16_DIRKX_S.jpg","type":"image\/jpeg"}],"twitter_card":"summary_large_image","twitter_misc":{"Dur\u00e9e de lecture est.":"1 minute"},"schema":{"@context":"https:\/\/schema.org","@graph":[{"@type":"WebPage","@id":"https:\/\/vooruit.brussels\/en\/onze-kandidaten\/lola-dirkx\/","url":"https:\/\/vooruit.brussels\/en\/onze-kandidaten\/lola-dirkx\/","name":"16. Lola Dirkx - Vooruit.brussels","isPartOf":{"@id":"https:\/\/vooruit.brussels\/en\/#website"},"primaryImageOfPage":{"@id":"https:\/\/vooruit.brussels\/en\/onze-kandidaten\/lola-dirkx\/#primaryimage"},"image":{"@id":"https:\/\/vooruit.brussels\/en\/onze-kandidaten\/lola-dirkx\/#primaryimage"},"thumbnailUrl":"https:\/\/vooruit.brussels\/wp-content\/uploads\/2024\/04\/BRU_EFF_16_DIRKX_S.jpg","datePublished":"2024-04-19T08:02:58+00:00","dateModified":"2024-04-26T13:56:34+00:00","description":"Je r\u00eave d'une Bruxelles o\u00f9 il y a plus d'ordre dans le chaos. Une Bruxelles avec plus de logements sociaux, o\u00f9 l'utilisation temporaire devient une \u00e9vidence. Une Bruxelles avec plus d'arbres et plus d'ambition architecturale.\u202fUne Bruxelles qui a sa premi\u00e8re femme Ministre-Pr\u00e9sidente, et Bruxelles-Ville sa premi\u00e8re femme bourgmestre.\u202f\u00a0","breadcrumb":{"@id":"https:\/\/vooruit.brussels\/en\/onze-kandidaten\/lola-dirkx\/#breadcrumb"},"inLanguage":"fr-BE","potentialAction":[{"@type":"ReadAction","target":["https:\/\/vooruit.brussels\/en\/onze-kandidaten\/lola-dirkx\/"]}]},{"@type":"ImageObject","inLanguage":"fr-BE","@id":"https:\/\/vooruit.brussels\/en\/onze-kandidaten\/lola-dirkx\/#primaryimage","url":"https:\/\/vooruit.brussels\/wp-content\/uploads\/2024\/04\/BRU_EFF_16_DIRKX_S.jpg","contentUrl":"https:\/\/vooruit.brussels\/wp-content\/uploads\/2024\/04\/BRU_EFF_16_DIRKX_S.jpg","width":450,"height":600},{"@type":"BreadcrumbList","@id":"https:\/\/vooruit.brussels\/en\/onze-kandidaten\/lola-dirkx\/#breadcrumb","itemListElement":[{"@type":"ListItem","position":1,"name":"Accueil","item":"https:\/\/vooruit.brussels\/en\/"},{"@type":"ListItem","position":2,"name":"Kandidaten","item":"https:\/\/vooruit.brussels\/en\/onze-kandidaten\/"},{"@type":"ListItem","position":3,"name":"16. Lola Dirkx"}]},{"@type":"WebSite","@id":"https:\/\/vooruit.brussels\/en\/#website","url":"https:\/\/vooruit.brussels\/en\/","name":"Vooruit.brussels","description":"","potentialAction":[{"@type":"SearchAction","target":{"@type":"EntryPoint","urlTemplate":"https:\/\/vooruit.brussels\/en\/?s={search_term_string}"},"query-input":{"@type":"PropertyValueSpecification","valueRequired":true,"valueName":"search_term_string"}}],"inLanguage":"fr-BE"}]}},"_links":{"self":[{"href":"https:\/\/vooruit.brussels\/fr\/wp-json\/wp\/v2\/kandidaat\/2214","targetHints":{"allow":["GET"]}}],"collection":[{"href":"https:\/\/vooruit.brussels\/fr\/wp-json\/wp\/v2\/kandidaat"}],"about":[{"href":"https:\/\/vooruit.brussels\/fr\/wp-json\/wp\/v2\/types\/kandidaat"}],"wp:featuredmedia":[{"embeddable":true,"href":"https:\/\/vooruit.brussels\/fr\/wp-json\/wp\/v2\/media\/1696"}],"wp:attachment":[{"href":"https:\/\/vooruit.brussels\/fr\/wp-json\/wp\/v2\/media?parent=2214"}],"wp:term":[{"taxonomy":"category","embeddable":true,"href":"https:\/\/vooruit.brussels\/fr\/wp-json\/wp\/v2\/categories?post=2214"}],"curies":[{"name":"wp","href":"https:\/\/api.w.org\/{rel}","templated":true}]}}

<!-- This site is optimized with the Yoast SEO plugin v27.4 - https://yoast.com/product/yoast-seo-wordpress/ -->
<title>16. Lola Dirkx - Vooruit.brussels</title>
<meta name="description" content="Ik droom van en Brussel waar er meer orde in de chaos zit. Een Brussel met meer sociale woningen, waar tijdelijk gebruik een evidentie wordt. Een Brussel met meer bomen en meer architecturale ambitie. Een Brussel die haar eerste vrouwelijke minister-president kent, en Brussel-Stad haar eerste vrouwelijke burgemeester.  " />
<meta name="robots" content="index, follow, max-snippet:-1, max-image-preview:large, max-video-preview:-1" />
<link rel="canonical" href="https://vooruit.brussels/fr/onze-kandidaten/lola-dirkx/" />
<meta property="og:locale" content="fr_FR" />
<meta property="og:type" content="article" />
<meta property="og:title" content="16. Lola Dirkx - Vooruit.brussels" />
<meta property="og:description" content="Ik droom van en Brussel waar er meer orde in de chaos zit. Een Brussel met meer sociale woningen, waar tijdelijk gebruik een evidentie wordt. Een Brussel met meer bomen en meer architecturale ambitie. Een Brussel die haar eerste vrouwelijke minister-president kent, en Brussel-Stad haar eerste vrouwelijke burgemeester.  " />
<meta property="og:url" content="https://vooruit.brussels/fr/onze-kandidaten/lola-dirkx/" />
<meta property="og:site_name" content="Vooruit.brussels" />
<meta property="article:modified_time" content="2024-04-26T13:56:34+00:00" />
<meta property="og:image" content="https://vooruit.brussels/wp-content/uploads/2024/04/BRU_EFF_16_DIRKX_S.jpg" />
	<meta property="og:image:width" content="450" />
	<meta property="og:image:height" content="600" />
	<meta property="og:image:type" content="image/jpeg" />
<meta name="twitter:card" content="summary_large_image" />
<meta name="twitter:label1" content="Durée de lecture est." />
	<meta name="twitter:data1" content="1 minute" />
<script type="application/ld+json" class="yoast-schema-graph">{"@context":"https:\/\/schema.org","@graph":[{"@type":"WebPage","@id":"https:\/\/vooruit.brussels\/en\/onze-kandidaten\/lola-dirkx\/","url":"https:\/\/vooruit.brussels\/en\/onze-kandidaten\/lola-dirkx\/","name":"16. Lola Dirkx - Vooruit.brussels","isPartOf":{"@id":"https:\/\/vooruit.brussels\/en\/#website"},"primaryImageOfPage":{"@id":"https:\/\/vooruit.brussels\/en\/onze-kandidaten\/lola-dirkx\/#primaryimage"},"image":{"@id":"https:\/\/vooruit.brussels\/en\/onze-kandidaten\/lola-dirkx\/#primaryimage"},"thumbnailUrl":"https:\/\/vooruit.brussels\/wp-content\/uploads\/2024\/04\/BRU_EFF_16_DIRKX_S.jpg","datePublished":"2024-04-19T08:02:58+00:00","dateModified":"2024-04-26T13:56:34+00:00","description":"Ik droom van en Brussel waar er meer orde in de chaos zit. Een Brussel met meer sociale woningen, waar tijdelijk gebruik een evidentie wordt. Een Brussel met meer bomen en meer architecturale ambitie. Een Brussel die haar eerste vrouwelijke minister-president kent, en Brussel-Stad haar eerste vrouwelijke burgemeester.  ","breadcrumb":{"@id":"https:\/\/vooruit.brussels\/en\/onze-kandidaten\/lola-dirkx\/#breadcrumb"},"inLanguage":"fr-BE","potentialAction":[{"@type":"ReadAction","target":["https:\/\/vooruit.brussels\/en\/onze-kandidaten\/lola-dirkx\/"]}]},{"@type":"ImageObject","inLanguage":"fr-BE","@id":"https:\/\/vooruit.brussels\/en\/onze-kandidaten\/lola-dirkx\/#primaryimage","url":"https:\/\/vooruit.brussels\/wp-content\/uploads\/2024\/04\/BRU_EFF_16_DIRKX_S.jpg","contentUrl":"https:\/\/vooruit.brussels\/wp-content\/uploads\/2024\/04\/BRU_EFF_16_DIRKX_S.jpg","width":450,"height":600},{"@type":"BreadcrumbList","@id":"https:\/\/vooruit.brussels\/en\/onze-kandidaten\/lola-dirkx\/#breadcrumb","itemListElement":[{"@type":"ListItem","position":1,"name":"Accueil","item":"https:\/\/vooruit.brussels\/en\/"},{"@type":"ListItem","position":2,"name":"Kandidaten","item":"https:\/\/vooruit.brussels\/en\/onze-kandidaten\/"},{"@type":"ListItem","position":3,"name":"16. Lola Dirkx"}]},{"@type":"WebSite","@id":"https:\/\/vooruit.brussels\/en\/#website","url":"https:\/\/vooruit.brussels\/en\/","name":"Vooruit.brussels","description":"","potentialAction":[{"@type":"SearchAction","target":{"@type":"EntryPoint","urlTemplate":"https:\/\/vooruit.brussels\/en\/?s={search_term_string}"},"query-input":{"@type":"PropertyValueSpecification","valueRequired":true,"valueName":"search_term_string"}}],"inLanguage":"fr-BE"}]}</script>
<!-- / Yoast SEO plugin. -->

Je rêve d'une Bruxelles où il y a plus d'ordre dans le chaos. Une Bruxelles avec plus de logements sociaux, où l'utilisation temporaire devient une évidence. Une Bruxelles avec plus d'arbres et plus d'ambition architecturale. Une Bruxelles qui a sa première femme Ministre-Présidente, et Bruxelles-Ville sa première femme bourgmestre.
