{"id":2217,"date":"2024-04-19T10:20:39","date_gmt":"2024-04-19T08:20:39","guid":{"rendered":"https:\/\/dev.vooruit.brussels\/?post_type=kandidaat&#038;p=2217"},"modified":"2024-04-26T15:56:11","modified_gmt":"2024-04-26T13:56:11","slug":"hari-shrestha","status":"publish","type":"kandidaat","link":"https:\/\/vooruit.brussels\/fr\/onze-kandidaten\/hari-shrestha\/","title":{"rendered":"13. Hari Shrestha"},"featured_media":1693,"template":"","categories":[],"class_list":["post-2217","kandidaat","type-kandidaat","status-publish","has-post-thumbnail","hentry"],"acf":[],"yoast_head":"<!-- This site is optimized with the Yoast SEO plugin v27.4 - https:\/\/yoast.com\/product\/yoast-seo-wordpress\/ -->\n<title>13. Hari Shrestha - Vooruit.brussels<\/title>\n<meta name=\"description\" content=\"In Brussel voel ik me thuis. Maar het moet veiliger en properder. Meisjes moeten zich zonder angst kunnen verplaatsen in de stad. Het maakt niet uit of dat om om 5 uur \u2019s ochtends is of om 16 uur in de namiddag. Schietpartijen en drugsgeweld horen hier niet thuis. In onze hoofdstad wil ik nog meer fietspaden zien en vooral geen vuilniszakken op straat. Brussel is de hoofdstad van Europa en we moeten dat imago waarmaken. Onze stad moet betaalbaar blijven. We mogen Londen niet achternagaan wat woonprijzen betreft. We zijn een multiculturele stad waarin iedereen kansen moet krijgen.\u00a0\u00a0\" \/>\n<meta name=\"robots\" content=\"index, follow, max-snippet:-1, max-image-preview:large, max-video-preview:-1\" \/>\n<link rel=\"canonical\" href=\"https:\/\/vooruit.brussels\/fr\/onze-kandidaten\/hari-shrestha\/\" \/>\n<meta property=\"og:locale\" content=\"fr_FR\" \/>\n<meta property=\"og:type\" content=\"article\" \/>\n<meta property=\"og:title\" content=\"13. Hari Shrestha - Vooruit.brussels\" \/>\n<meta property=\"og:description\" content=\"In Brussel voel ik me thuis. Maar het moet veiliger en properder. Meisjes moeten zich zonder angst kunnen verplaatsen in de stad. Het maakt niet uit of dat om om 5 uur \u2019s ochtends is of om 16 uur in de namiddag. Schietpartijen en drugsgeweld horen hier niet thuis. In onze hoofdstad wil ik nog meer fietspaden zien en vooral geen vuilniszakken op straat. Brussel is de hoofdstad van Europa en we moeten dat imago waarmaken. Onze stad moet betaalbaar blijven. We mogen Londen niet achternagaan wat woonprijzen betreft. We zijn een multiculturele stad waarin iedereen kansen moet krijgen.\u00a0\u00a0\" \/>\n<meta property=\"og:url\" content=\"https:\/\/vooruit.brussels\/fr\/onze-kandidaten\/hari-shrestha\/\" \/>\n<meta property=\"og:site_name\" content=\"Vooruit.brussels\" \/>\n<meta property=\"article:modified_time\" content=\"2024-04-26T13:56:11+00:00\" \/>\n<meta property=\"og:image\" content=\"https:\/\/vooruit.brussels\/wp-content\/uploads\/2024\/04\/BRU_EFF_13_SHRESTHA_S.jpg\" \/>\n\t<meta property=\"og:image:width\" content=\"450\" \/>\n\t<meta property=\"og:image:height\" content=\"600\" \/>\n\t<meta property=\"og:image:type\" content=\"image\/jpeg\" \/>\n<meta name=\"twitter:card\" content=\"summary_large_image\" \/>\n<meta name=\"twitter:label1\" content=\"Dur\u00e9e de lecture est.\" \/>\n\t<meta name=\"twitter:data1\" content=\"1 minute\" \/>\n<script type=\"application\/ld+json\" class=\"yoast-schema-graph\">{\"@context\":\"https:\\\/\\\/schema.org\",\"@graph\":[{\"@type\":\"WebPage\",\"@id\":\"https:\\\/\\\/vooruit.brussels\\\/onze-kandidaten\\\/hari-shrestha\\\/\",\"url\":\"https:\\\/\\\/vooruit.brussels\\\/onze-kandidaten\\\/hari-shrestha\\\/\",\"name\":\"13. Hari Shrestha - Vooruit.brussels\",\"isPartOf\":{\"@id\":\"https:\\\/\\\/vooruit.brussels\\\/en\\\/#website\"},\"primaryImageOfPage\":{\"@id\":\"https:\\\/\\\/vooruit.brussels\\\/onze-kandidaten\\\/hari-shrestha\\\/#primaryimage\"},\"image\":{\"@id\":\"https:\\\/\\\/vooruit.brussels\\\/onze-kandidaten\\\/hari-shrestha\\\/#primaryimage\"},\"thumbnailUrl\":\"https:\\\/\\\/vooruit.brussels\\\/wp-content\\\/uploads\\\/2024\\\/04\\\/BRU_EFF_13_SHRESTHA_S.jpg\",\"datePublished\":\"2024-04-19T08:20:39+00:00\",\"dateModified\":\"2024-04-26T13:56:11+00:00\",\"description\":\"In Brussel voel ik me thuis. Maar het moet veiliger en properder. Meisjes moeten zich zonder angst kunnen verplaatsen in de stad. Het maakt niet uit of dat om om 5 uur \u2019s ochtends is of om 16 uur in de namiddag. Schietpartijen en drugsgeweld horen hier niet thuis. In onze hoofdstad wil ik nog meer fietspaden zien en vooral geen vuilniszakken op straat. Brussel is de hoofdstad van Europa en we moeten dat imago waarmaken. Onze stad moet betaalbaar blijven. We mogen Londen niet achternagaan wat woonprijzen betreft. We zijn een multiculturele stad waarin iedereen kansen moet krijgen.\u00a0\u00a0\",\"breadcrumb\":{\"@id\":\"https:\\\/\\\/vooruit.brussels\\\/onze-kandidaten\\\/hari-shrestha\\\/#breadcrumb\"},\"inLanguage\":\"fr-BE\",\"potentialAction\":[{\"@type\":\"ReadAction\",\"target\":[\"https:\\\/\\\/vooruit.brussels\\\/onze-kandidaten\\\/hari-shrestha\\\/\"]}]},{\"@type\":\"ImageObject\",\"inLanguage\":\"fr-BE\",\"@id\":\"https:\\\/\\\/vooruit.brussels\\\/onze-kandidaten\\\/hari-shrestha\\\/#primaryimage\",\"url\":\"https:\\\/\\\/vooruit.brussels\\\/wp-content\\\/uploads\\\/2024\\\/04\\\/BRU_EFF_13_SHRESTHA_S.jpg\",\"contentUrl\":\"https:\\\/\\\/vooruit.brussels\\\/wp-content\\\/uploads\\\/2024\\\/04\\\/BRU_EFF_13_SHRESTHA_S.jpg\",\"width\":450,\"height\":600},{\"@type\":\"BreadcrumbList\",\"@id\":\"https:\\\/\\\/vooruit.brussels\\\/onze-kandidaten\\\/hari-shrestha\\\/#breadcrumb\",\"itemListElement\":[{\"@type\":\"ListItem\",\"position\":1,\"name\":\"Accueil\",\"item\":\"https:\\\/\\\/vooruit.brussels\\\/en\\\/\"},{\"@type\":\"ListItem\",\"position\":2,\"name\":\"Kandidaten\",\"item\":\"https:\\\/\\\/vooruit.brussels\\\/en\\\/onze-kandidaten\\\/\"},{\"@type\":\"ListItem\",\"position\":3,\"name\":\"13. Hari Shrestha\"}]},{\"@type\":\"WebSite\",\"@id\":\"https:\\\/\\\/vooruit.brussels\\\/en\\\/#website\",\"url\":\"https:\\\/\\\/vooruit.brussels\\\/en\\\/\",\"name\":\"Vooruit.brussels\",\"description\":\"\",\"potentialAction\":[{\"@type\":\"SearchAction\",\"target\":{\"@type\":\"EntryPoint\",\"urlTemplate\":\"https:\\\/\\\/vooruit.brussels\\\/en\\\/?s={search_term_string}\"},\"query-input\":{\"@type\":\"PropertyValueSpecification\",\"valueRequired\":true,\"valueName\":\"search_term_string\"}}],\"inLanguage\":\"fr-BE\"}]}<\/script>\n<!-- \/ Yoast SEO plugin. -->","yoast_head_json":{"title":"13. Hari Shrestha - Vooruit.brussels","description":"Je me sens chez moi \u00e0 Bruxelles. Mais il faut am\u00e9liorer la s\u00e9curit\u00e9 et la propret\u00e9. Les filles doivent pouvoir se d\u00e9placer sans crainte dans la ville. Peu importe s\u2019il est 5 heures du matin ou 16 heures. Les fusillades et les violences li\u00e9es \u00e0 la drogues doivent cesser. Je veux encore plus de pistes cyclables et surtout faire dispara\u00eetre les sacs poubelles des rues dans notre capitale. Bruxelles est la capitale de l\u2019Europe, et il faut que notre image soit \u00e0 la hauteur. Notre ville doit rester abordable. Nous ne pouvons pas suivre la voie de Londres en ce qui concerne le prix du logement. Nous avons une ville multiculturelle o\u00f9 chacun doit avoir des opportunit\u00e9s.\u00a0\u00a0","robots":{"index":"index","follow":"follow","max-snippet":"max-snippet:-1","max-image-preview":"max-image-preview:large","max-video-preview":"max-video-preview:-1"},"canonical":"https:\/\/vooruit.brussels\/fr\/onze-kandidaten\/hari-shrestha\/","og_locale":"fr_FR","og_type":"article","og_title":"13. Hari Shrestha - Vooruit.brussels","og_description":"In Brussel voel ik me thuis. Maar het moet veiliger en properder. Meisjes moeten zich zonder angst kunnen verplaatsen in de stad. Het maakt niet uit of dat om om 5 uur \u2019s ochtends is of om 16 uur in de namiddag. Schietpartijen en drugsgeweld horen hier niet thuis. In onze hoofdstad wil ik nog meer fietspaden zien en vooral geen vuilniszakken op straat. Brussel is de hoofdstad van Europa en we moeten dat imago waarmaken. Onze stad moet betaalbaar blijven. We mogen Londen niet achternagaan wat woonprijzen betreft. We zijn een multiculturele stad waarin iedereen kansen moet krijgen.\u00a0\u00a0","og_url":"https:\/\/vooruit.brussels\/fr\/onze-kandidaten\/hari-shrestha\/","og_site_name":"Vooruit.brussels","article_modified_time":"2024-04-26T13:56:11+00:00","og_image":[{"width":450,"height":600,"url":"https:\/\/vooruit.brussels\/wp-content\/uploads\/2024\/04\/BRU_EFF_13_SHRESTHA_S.jpg","type":"image\/jpeg"}],"twitter_card":"summary_large_image","twitter_misc":{"Dur\u00e9e de lecture est.":"1 minute"},"schema":{"@context":"https:\/\/schema.org","@graph":[{"@type":"WebPage","@id":"https:\/\/vooruit.brussels\/onze-kandidaten\/hari-shrestha\/","url":"https:\/\/vooruit.brussels\/onze-kandidaten\/hari-shrestha\/","name":"13. Hari Shrestha - Vooruit.brussels","isPartOf":{"@id":"https:\/\/vooruit.brussels\/en\/#website"},"primaryImageOfPage":{"@id":"https:\/\/vooruit.brussels\/onze-kandidaten\/hari-shrestha\/#primaryimage"},"image":{"@id":"https:\/\/vooruit.brussels\/onze-kandidaten\/hari-shrestha\/#primaryimage"},"thumbnailUrl":"https:\/\/vooruit.brussels\/wp-content\/uploads\/2024\/04\/BRU_EFF_13_SHRESTHA_S.jpg","datePublished":"2024-04-19T08:20:39+00:00","dateModified":"2024-04-26T13:56:11+00:00","description":"Je me sens chez moi \u00e0 Bruxelles. Mais il faut am\u00e9liorer la s\u00e9curit\u00e9 et la propret\u00e9. Les filles doivent pouvoir se d\u00e9placer sans crainte dans la ville. Peu importe s\u2019il est 5 heures du matin ou 16 heures. Les fusillades et les violences li\u00e9es \u00e0 la drogues doivent cesser. Je veux encore plus de pistes cyclables et surtout faire dispara\u00eetre les sacs poubelles des rues dans notre capitale. Bruxelles est la capitale de l\u2019Europe, et il faut que notre image soit \u00e0 la hauteur. Notre ville doit rester abordable. Nous ne pouvons pas suivre la voie de Londres en ce qui concerne le prix du logement. Nous avons une ville multiculturelle o\u00f9 chacun doit avoir des opportunit\u00e9s.\u00a0\u00a0","breadcrumb":{"@id":"https:\/\/vooruit.brussels\/onze-kandidaten\/hari-shrestha\/#breadcrumb"},"inLanguage":"fr-BE","potentialAction":[{"@type":"ReadAction","target":["https:\/\/vooruit.brussels\/onze-kandidaten\/hari-shrestha\/"]}]},{"@type":"ImageObject","inLanguage":"fr-BE","@id":"https:\/\/vooruit.brussels\/onze-kandidaten\/hari-shrestha\/#primaryimage","url":"https:\/\/vooruit.brussels\/wp-content\/uploads\/2024\/04\/BRU_EFF_13_SHRESTHA_S.jpg","contentUrl":"https:\/\/vooruit.brussels\/wp-content\/uploads\/2024\/04\/BRU_EFF_13_SHRESTHA_S.jpg","width":450,"height":600},{"@type":"BreadcrumbList","@id":"https:\/\/vooruit.brussels\/onze-kandidaten\/hari-shrestha\/#breadcrumb","itemListElement":[{"@type":"ListItem","position":1,"name":"Accueil","item":"https:\/\/vooruit.brussels\/en\/"},{"@type":"ListItem","position":2,"name":"Kandidaten","item":"https:\/\/vooruit.brussels\/en\/onze-kandidaten\/"},{"@type":"ListItem","position":3,"name":"13. Hari Shrestha"}]},{"@type":"WebSite","@id":"https:\/\/vooruit.brussels\/en\/#website","url":"https:\/\/vooruit.brussels\/en\/","name":"Vooruit.brussels","description":"","potentialAction":[{"@type":"SearchAction","target":{"@type":"EntryPoint","urlTemplate":"https:\/\/vooruit.brussels\/en\/?s={search_term_string}"},"query-input":{"@type":"PropertyValueSpecification","valueRequired":true,"valueName":"search_term_string"}}],"inLanguage":"fr-BE"}]}},"_links":{"self":[{"href":"https:\/\/vooruit.brussels\/fr\/wp-json\/wp\/v2\/kandidaat\/2217","targetHints":{"allow":["GET"]}}],"collection":[{"href":"https:\/\/vooruit.brussels\/fr\/wp-json\/wp\/v2\/kandidaat"}],"about":[{"href":"https:\/\/vooruit.brussels\/fr\/wp-json\/wp\/v2\/types\/kandidaat"}],"wp:featuredmedia":[{"embeddable":true,"href":"https:\/\/vooruit.brussels\/fr\/wp-json\/wp\/v2\/media\/1693"}],"wp:attachment":[{"href":"https:\/\/vooruit.brussels\/fr\/wp-json\/wp\/v2\/media?parent=2217"}],"wp:term":[{"taxonomy":"category","embeddable":true,"href":"https:\/\/vooruit.brussels\/fr\/wp-json\/wp\/v2\/categories?post=2217"}],"curies":[{"name":"wp","href":"https:\/\/api.w.org\/{rel}","templated":true}]}}

<!-- This site is optimized with the Yoast SEO plugin v27.4 - https://yoast.com/product/yoast-seo-wordpress/ -->
<title>13. Hari Shrestha - Vooruit.brussels</title>
<meta name="description" content="In Brussel voel ik me thuis. Maar het moet veiliger en properder. Meisjes moeten zich zonder angst kunnen verplaatsen in de stad. Het maakt niet uit of dat om om 5 uur ’s ochtends is of om 16 uur in de namiddag. Schietpartijen en drugsgeweld horen hier niet thuis. In onze hoofdstad wil ik nog meer fietspaden zien en vooral geen vuilniszakken op straat. Brussel is de hoofdstad van Europa en we moeten dat imago waarmaken. Onze stad moet betaalbaar blijven. We mogen Londen niet achternagaan wat woonprijzen betreft. We zijn een multiculturele stad waarin iedereen kansen moet krijgen.  " />
<meta name="robots" content="index, follow, max-snippet:-1, max-image-preview:large, max-video-preview:-1" />
<link rel="canonical" href="https://vooruit.brussels/fr/onze-kandidaten/hari-shrestha/" />
<meta property="og:locale" content="fr_FR" />
<meta property="og:type" content="article" />
<meta property="og:title" content="13. Hari Shrestha - Vooruit.brussels" />
<meta property="og:description" content="In Brussel voel ik me thuis. Maar het moet veiliger en properder. Meisjes moeten zich zonder angst kunnen verplaatsen in de stad. Het maakt niet uit of dat om om 5 uur ’s ochtends is of om 16 uur in de namiddag. Schietpartijen en drugsgeweld horen hier niet thuis. In onze hoofdstad wil ik nog meer fietspaden zien en vooral geen vuilniszakken op straat. Brussel is de hoofdstad van Europa en we moeten dat imago waarmaken. Onze stad moet betaalbaar blijven. We mogen Londen niet achternagaan wat woonprijzen betreft. We zijn een multiculturele stad waarin iedereen kansen moet krijgen.  " />
<meta property="og:url" content="https://vooruit.brussels/fr/onze-kandidaten/hari-shrestha/" />
<meta property="og:site_name" content="Vooruit.brussels" />
<meta property="article:modified_time" content="2024-04-26T13:56:11+00:00" />
<meta property="og:image" content="https://vooruit.brussels/wp-content/uploads/2024/04/BRU_EFF_13_SHRESTHA_S.jpg" />
	<meta property="og:image:width" content="450" />
	<meta property="og:image:height" content="600" />
	<meta property="og:image:type" content="image/jpeg" />
<meta name="twitter:card" content="summary_large_image" />
<meta name="twitter:label1" content="Durée de lecture est." />
	<meta name="twitter:data1" content="1 minute" />
<script type="application/ld+json" class="yoast-schema-graph">{"@context":"https:\/\/schema.org","@graph":[{"@type":"WebPage","@id":"https:\/\/vooruit.brussels\/onze-kandidaten\/hari-shrestha\/","url":"https:\/\/vooruit.brussels\/onze-kandidaten\/hari-shrestha\/","name":"13. Hari Shrestha - Vooruit.brussels","isPartOf":{"@id":"https:\/\/vooruit.brussels\/en\/#website"},"primaryImageOfPage":{"@id":"https:\/\/vooruit.brussels\/onze-kandidaten\/hari-shrestha\/#primaryimage"},"image":{"@id":"https:\/\/vooruit.brussels\/onze-kandidaten\/hari-shrestha\/#primaryimage"},"thumbnailUrl":"https:\/\/vooruit.brussels\/wp-content\/uploads\/2024\/04\/BRU_EFF_13_SHRESTHA_S.jpg","datePublished":"2024-04-19T08:20:39+00:00","dateModified":"2024-04-26T13:56:11+00:00","description":"In Brussel voel ik me thuis. Maar het moet veiliger en properder. Meisjes moeten zich zonder angst kunnen verplaatsen in de stad. Het maakt niet uit of dat om om 5 uur ’s ochtends is of om 16 uur in de namiddag. Schietpartijen en drugsgeweld horen hier niet thuis. In onze hoofdstad wil ik nog meer fietspaden zien en vooral geen vuilniszakken op straat. Brussel is de hoofdstad van Europa en we moeten dat imago waarmaken. Onze stad moet betaalbaar blijven. We mogen Londen niet achternagaan wat woonprijzen betreft. We zijn een multiculturele stad waarin iedereen kansen moet krijgen.  ","breadcrumb":{"@id":"https:\/\/vooruit.brussels\/onze-kandidaten\/hari-shrestha\/#breadcrumb"},"inLanguage":"fr-BE","potentialAction":[{"@type":"ReadAction","target":["https:\/\/vooruit.brussels\/onze-kandidaten\/hari-shrestha\/"]}]},{"@type":"ImageObject","inLanguage":"fr-BE","@id":"https:\/\/vooruit.brussels\/onze-kandidaten\/hari-shrestha\/#primaryimage","url":"https:\/\/vooruit.brussels\/wp-content\/uploads\/2024\/04\/BRU_EFF_13_SHRESTHA_S.jpg","contentUrl":"https:\/\/vooruit.brussels\/wp-content\/uploads\/2024\/04\/BRU_EFF_13_SHRESTHA_S.jpg","width":450,"height":600},{"@type":"BreadcrumbList","@id":"https:\/\/vooruit.brussels\/onze-kandidaten\/hari-shrestha\/#breadcrumb","itemListElement":[{"@type":"ListItem","position":1,"name":"Accueil","item":"https:\/\/vooruit.brussels\/en\/"},{"@type":"ListItem","position":2,"name":"Kandidaten","item":"https:\/\/vooruit.brussels\/en\/onze-kandidaten\/"},{"@type":"ListItem","position":3,"name":"13. Hari Shrestha"}]},{"@type":"WebSite","@id":"https:\/\/vooruit.brussels\/en\/#website","url":"https:\/\/vooruit.brussels\/en\/","name":"Vooruit.brussels","description":"","potentialAction":[{"@type":"SearchAction","target":{"@type":"EntryPoint","urlTemplate":"https:\/\/vooruit.brussels\/en\/?s={search_term_string}"},"query-input":{"@type":"PropertyValueSpecification","valueRequired":true,"valueName":"search_term_string"}}],"inLanguage":"fr-BE"}]}</script>
<!-- / Yoast SEO plugin. -->

Je me sens chez moi à Bruxelles. Mais il faut améliorer la sécurité et la propreté. Les filles doivent pouvoir se déplacer sans crainte dans la ville. Peu importe s’il est 5 heures du matin ou 16 heures. Les fusillades et les violences liées à la drogues doivent cesser. Je veux encore plus de pistes cyclables et surtout faire disparaître les sacs poubelles des rues dans notre capitale. Bruxelles est la capitale de l’Europe, et il faut que notre image soit à la hauteur. Notre ville doit rester abordable. Nous ne pouvons pas suivre la voie de Londres en ce qui concerne le prix du logement. Nous avons une ville multiculturelle où chacun doit avoir des opportunités.
