{"id":2218,"date":"2024-04-19T10:28:38","date_gmt":"2024-04-19T08:28:38","guid":{"rendered":"https:\/\/dev.vooruit.brussels\/?post_type=kandidaat&#038;p=2218"},"modified":"2024-05-07T10:20:37","modified_gmt":"2024-05-07T08:20:37","slug":"nelke-ramael","status":"publish","type":"kandidaat","link":"https:\/\/vooruit.brussels\/fr\/onze-kandidaten\/nelke-ramael\/","title":{"rendered":"12. Nelke Ramael"},"featured_media":1692,"template":"","categories":[],"class_list":["post-2218","kandidaat","type-kandidaat","status-publish","has-post-thumbnail","hentry"],"acf":[],"yoast_head":"<!-- This site is optimized with the Yoast SEO plugin v27.4 - https:\/\/yoast.com\/product\/yoast-seo-wordpress\/ -->\n<title>12. Nelke Ramael - Vooruit.brussels<\/title>\n<meta name=\"description\" content=\"Wij hebben nood aan goed verlichte straten, betrouwbaar openbaar vervoer en veilige ontmoetingsplaatsen. Het aanpakken van genderongelijkheid is daarom essentieel voor het cre\u00ebren van een veilige en inclusieve stad. Alle burgers moeten zich vrij en beschermd voelen. Enkel zo zorgen we voor een stad op mensenmaat.\u00a0\" \/>\n<meta name=\"robots\" content=\"index, follow, max-snippet:-1, max-image-preview:large, max-video-preview:-1\" \/>\n<link rel=\"canonical\" href=\"https:\/\/vooruit.brussels\/fr\/onze-kandidaten\/nelke-ramael\/\" \/>\n<meta property=\"og:locale\" content=\"fr_FR\" \/>\n<meta property=\"og:type\" content=\"article\" \/>\n<meta property=\"og:title\" content=\"12. Nelke Ramael - Vooruit.brussels\" \/>\n<meta property=\"og:description\" content=\"Wij hebben nood aan goed verlichte straten, betrouwbaar openbaar vervoer en veilige ontmoetingsplaatsen. Het aanpakken van genderongelijkheid is daarom essentieel voor het cre\u00ebren van een veilige en inclusieve stad. Alle burgers moeten zich vrij en beschermd voelen. Enkel zo zorgen we voor een stad op mensenmaat.\u00a0\" \/>\n<meta property=\"og:url\" content=\"https:\/\/vooruit.brussels\/fr\/onze-kandidaten\/nelke-ramael\/\" \/>\n<meta property=\"og:site_name\" content=\"Vooruit.brussels\" \/>\n<meta property=\"article:modified_time\" content=\"2024-05-07T08:20:37+00:00\" \/>\n<meta property=\"og:image\" content=\"https:\/\/vooruit.brussels\/wp-content\/uploads\/2024\/04\/BRU_EFF_12_RAMAEL_S.jpg\" \/>\n\t<meta property=\"og:image:width\" content=\"450\" \/>\n\t<meta property=\"og:image:height\" content=\"600\" \/>\n\t<meta property=\"og:image:type\" content=\"image\/jpeg\" \/>\n<meta name=\"twitter:card\" content=\"summary_large_image\" \/>\n<meta name=\"twitter:label1\" content=\"Dur\u00e9e de lecture est.\" \/>\n\t<meta name=\"twitter:data1\" content=\"1 minute\" \/>\n<script type=\"application\/ld+json\" class=\"yoast-schema-graph\">{\"@context\":\"https:\\\/\\\/schema.org\",\"@graph\":[{\"@type\":\"WebPage\",\"@id\":\"https:\\\/\\\/vooruit.brussels\\\/fr\\\/onze-kandidaten\\\/nelke-ramael\\\/\",\"url\":\"https:\\\/\\\/vooruit.brussels\\\/fr\\\/onze-kandidaten\\\/nelke-ramael\\\/\",\"name\":\"12. Nelke Ramael - Vooruit.brussels\",\"isPartOf\":{\"@id\":\"https:\\\/\\\/vooruit.brussels\\\/en\\\/#website\"},\"primaryImageOfPage\":{\"@id\":\"https:\\\/\\\/vooruit.brussels\\\/fr\\\/onze-kandidaten\\\/nelke-ramael\\\/#primaryimage\"},\"image\":{\"@id\":\"https:\\\/\\\/vooruit.brussels\\\/fr\\\/onze-kandidaten\\\/nelke-ramael\\\/#primaryimage\"},\"thumbnailUrl\":\"https:\\\/\\\/vooruit.brussels\\\/wp-content\\\/uploads\\\/2024\\\/04\\\/BRU_EFF_12_RAMAEL_S.jpg\",\"datePublished\":\"2024-04-19T08:28:38+00:00\",\"dateModified\":\"2024-05-07T08:20:37+00:00\",\"description\":\"Wij hebben nood aan goed verlichte straten, betrouwbaar openbaar vervoer en veilige ontmoetingsplaatsen. Het aanpakken van genderongelijkheid is daarom essentieel voor het cre\u00ebren van een veilige en inclusieve stad. Alle burgers moeten zich vrij en beschermd voelen. Enkel zo zorgen we voor een stad op mensenmaat.\u00a0\",\"breadcrumb\":{\"@id\":\"https:\\\/\\\/vooruit.brussels\\\/fr\\\/onze-kandidaten\\\/nelke-ramael\\\/#breadcrumb\"},\"inLanguage\":\"fr-BE\",\"potentialAction\":[{\"@type\":\"ReadAction\",\"target\":[\"https:\\\/\\\/vooruit.brussels\\\/fr\\\/onze-kandidaten\\\/nelke-ramael\\\/\"]}]},{\"@type\":\"ImageObject\",\"inLanguage\":\"fr-BE\",\"@id\":\"https:\\\/\\\/vooruit.brussels\\\/fr\\\/onze-kandidaten\\\/nelke-ramael\\\/#primaryimage\",\"url\":\"https:\\\/\\\/vooruit.brussels\\\/wp-content\\\/uploads\\\/2024\\\/04\\\/BRU_EFF_12_RAMAEL_S.jpg\",\"contentUrl\":\"https:\\\/\\\/vooruit.brussels\\\/wp-content\\\/uploads\\\/2024\\\/04\\\/BRU_EFF_12_RAMAEL_S.jpg\",\"width\":450,\"height\":600},{\"@type\":\"BreadcrumbList\",\"@id\":\"https:\\\/\\\/vooruit.brussels\\\/fr\\\/onze-kandidaten\\\/nelke-ramael\\\/#breadcrumb\",\"itemListElement\":[{\"@type\":\"ListItem\",\"position\":1,\"name\":\"Accueil\",\"item\":\"https:\\\/\\\/vooruit.brussels\\\/en\\\/\"},{\"@type\":\"ListItem\",\"position\":2,\"name\":\"Kandidaten\",\"item\":\"https:\\\/\\\/vooruit.brussels\\\/en\\\/onze-kandidaten\\\/\"},{\"@type\":\"ListItem\",\"position\":3,\"name\":\"12. Nelke Ramael\"}]},{\"@type\":\"WebSite\",\"@id\":\"https:\\\/\\\/vooruit.brussels\\\/en\\\/#website\",\"url\":\"https:\\\/\\\/vooruit.brussels\\\/en\\\/\",\"name\":\"Vooruit.brussels\",\"description\":\"\",\"potentialAction\":[{\"@type\":\"SearchAction\",\"target\":{\"@type\":\"EntryPoint\",\"urlTemplate\":\"https:\\\/\\\/vooruit.brussels\\\/en\\\/?s={search_term_string}\"},\"query-input\":{\"@type\":\"PropertyValueSpecification\",\"valueRequired\":true,\"valueName\":\"search_term_string\"}}],\"inLanguage\":\"fr-BE\"}]}<\/script>\n<!-- \/ Yoast SEO plugin. -->","yoast_head_json":{"title":"12. Nelke Ramael - Vooruit.brussels","description":"Il faut des rues bien \u00e9clair\u00e9es, des transports publics fiables et des espaces de rencontre s\u00fbrs. Il est donc essentiel de s\u2019attaquer aux in\u00e9galit\u00e9s de genre pour cr\u00e9er une ville s\u00fbre et inclusive. Tout le monde doit se sentir libre et prot\u00e9g\u00e9. Ce n\u2019est qu\u2019ainsi que nous cr\u00e9erons une cille \u00e0 taille humaine.\u00a0","robots":{"index":"index","follow":"follow","max-snippet":"max-snippet:-1","max-image-preview":"max-image-preview:large","max-video-preview":"max-video-preview:-1"},"canonical":"https:\/\/vooruit.brussels\/fr\/onze-kandidaten\/nelke-ramael\/","og_locale":"fr_FR","og_type":"article","og_title":"12. Nelke Ramael - Vooruit.brussels","og_description":"Wij hebben nood aan goed verlichte straten, betrouwbaar openbaar vervoer en veilige ontmoetingsplaatsen. Het aanpakken van genderongelijkheid is daarom essentieel voor het cre\u00ebren van een veilige en inclusieve stad. Alle burgers moeten zich vrij en beschermd voelen. Enkel zo zorgen we voor een stad op mensenmaat.\u00a0","og_url":"https:\/\/vooruit.brussels\/fr\/onze-kandidaten\/nelke-ramael\/","og_site_name":"Vooruit.brussels","article_modified_time":"2024-05-07T08:20:37+00:00","og_image":[{"width":450,"height":600,"url":"https:\/\/vooruit.brussels\/wp-content\/uploads\/2024\/04\/BRU_EFF_12_RAMAEL_S.jpg","type":"image\/jpeg"}],"twitter_card":"summary_large_image","twitter_misc":{"Dur\u00e9e de lecture est.":"1 minute"},"schema":{"@context":"https:\/\/schema.org","@graph":[{"@type":"WebPage","@id":"https:\/\/vooruit.brussels\/fr\/onze-kandidaten\/nelke-ramael\/","url":"https:\/\/vooruit.brussels\/fr\/onze-kandidaten\/nelke-ramael\/","name":"12. Nelke Ramael - Vooruit.brussels","isPartOf":{"@id":"https:\/\/vooruit.brussels\/en\/#website"},"primaryImageOfPage":{"@id":"https:\/\/vooruit.brussels\/fr\/onze-kandidaten\/nelke-ramael\/#primaryimage"},"image":{"@id":"https:\/\/vooruit.brussels\/fr\/onze-kandidaten\/nelke-ramael\/#primaryimage"},"thumbnailUrl":"https:\/\/vooruit.brussels\/wp-content\/uploads\/2024\/04\/BRU_EFF_12_RAMAEL_S.jpg","datePublished":"2024-04-19T08:28:38+00:00","dateModified":"2024-05-07T08:20:37+00:00","description":"Il faut des rues bien \u00e9clair\u00e9es, des transports publics fiables et des espaces de rencontre s\u00fbrs. Il est donc essentiel de s\u2019attaquer aux in\u00e9galit\u00e9s de genre pour cr\u00e9er une ville s\u00fbre et inclusive. Tout le monde doit se sentir libre et prot\u00e9g\u00e9. Ce n\u2019est qu\u2019ainsi que nous cr\u00e9erons une cille \u00e0 taille humaine.\u00a0","breadcrumb":{"@id":"https:\/\/vooruit.brussels\/fr\/onze-kandidaten\/nelke-ramael\/#breadcrumb"},"inLanguage":"fr-BE","potentialAction":[{"@type":"ReadAction","target":["https:\/\/vooruit.brussels\/fr\/onze-kandidaten\/nelke-ramael\/"]}]},{"@type":"ImageObject","inLanguage":"fr-BE","@id":"https:\/\/vooruit.brussels\/fr\/onze-kandidaten\/nelke-ramael\/#primaryimage","url":"https:\/\/vooruit.brussels\/wp-content\/uploads\/2024\/04\/BRU_EFF_12_RAMAEL_S.jpg","contentUrl":"https:\/\/vooruit.brussels\/wp-content\/uploads\/2024\/04\/BRU_EFF_12_RAMAEL_S.jpg","width":450,"height":600},{"@type":"BreadcrumbList","@id":"https:\/\/vooruit.brussels\/fr\/onze-kandidaten\/nelke-ramael\/#breadcrumb","itemListElement":[{"@type":"ListItem","position":1,"name":"Accueil","item":"https:\/\/vooruit.brussels\/en\/"},{"@type":"ListItem","position":2,"name":"Kandidaten","item":"https:\/\/vooruit.brussels\/en\/onze-kandidaten\/"},{"@type":"ListItem","position":3,"name":"12. Nelke Ramael"}]},{"@type":"WebSite","@id":"https:\/\/vooruit.brussels\/en\/#website","url":"https:\/\/vooruit.brussels\/en\/","name":"Vooruit.brussels","description":"","potentialAction":[{"@type":"SearchAction","target":{"@type":"EntryPoint","urlTemplate":"https:\/\/vooruit.brussels\/en\/?s={search_term_string}"},"query-input":{"@type":"PropertyValueSpecification","valueRequired":true,"valueName":"search_term_string"}}],"inLanguage":"fr-BE"}]}},"_links":{"self":[{"href":"https:\/\/vooruit.brussels\/fr\/wp-json\/wp\/v2\/kandidaat\/2218","targetHints":{"allow":["GET"]}}],"collection":[{"href":"https:\/\/vooruit.brussels\/fr\/wp-json\/wp\/v2\/kandidaat"}],"about":[{"href":"https:\/\/vooruit.brussels\/fr\/wp-json\/wp\/v2\/types\/kandidaat"}],"wp:featuredmedia":[{"embeddable":true,"href":"https:\/\/vooruit.brussels\/fr\/wp-json\/wp\/v2\/media\/1692"}],"wp:attachment":[{"href":"https:\/\/vooruit.brussels\/fr\/wp-json\/wp\/v2\/media?parent=2218"}],"wp:term":[{"taxonomy":"category","embeddable":true,"href":"https:\/\/vooruit.brussels\/fr\/wp-json\/wp\/v2\/categories?post=2218"}],"curies":[{"name":"wp","href":"https:\/\/api.w.org\/{rel}","templated":true}]}}

<!-- This site is optimized with the Yoast SEO plugin v27.4 - https://yoast.com/product/yoast-seo-wordpress/ -->
<title>12. Nelke Ramael - Vooruit.brussels</title>
<meta name="description" content="Wij hebben nood aan goed verlichte straten, betrouwbaar openbaar vervoer en veilige ontmoetingsplaatsen. Het aanpakken van genderongelijkheid is daarom essentieel voor het creëren van een veilige en inclusieve stad. Alle burgers moeten zich vrij en beschermd voelen. Enkel zo zorgen we voor een stad op mensenmaat. " />
<meta name="robots" content="index, follow, max-snippet:-1, max-image-preview:large, max-video-preview:-1" />
<link rel="canonical" href="https://vooruit.brussels/fr/onze-kandidaten/nelke-ramael/" />
<meta property="og:locale" content="fr_FR" />
<meta property="og:type" content="article" />
<meta property="og:title" content="12. Nelke Ramael - Vooruit.brussels" />
<meta property="og:description" content="Wij hebben nood aan goed verlichte straten, betrouwbaar openbaar vervoer en veilige ontmoetingsplaatsen. Het aanpakken van genderongelijkheid is daarom essentieel voor het creëren van een veilige en inclusieve stad. Alle burgers moeten zich vrij en beschermd voelen. Enkel zo zorgen we voor een stad op mensenmaat. " />
<meta property="og:url" content="https://vooruit.brussels/fr/onze-kandidaten/nelke-ramael/" />
<meta property="og:site_name" content="Vooruit.brussels" />
<meta property="article:modified_time" content="2024-05-07T08:20:37+00:00" />
<meta property="og:image" content="https://vooruit.brussels/wp-content/uploads/2024/04/BRU_EFF_12_RAMAEL_S.jpg" />
	<meta property="og:image:width" content="450" />
	<meta property="og:image:height" content="600" />
	<meta property="og:image:type" content="image/jpeg" />
<meta name="twitter:card" content="summary_large_image" />
<meta name="twitter:label1" content="Durée de lecture est." />
	<meta name="twitter:data1" content="1 minute" />
<script type="application/ld+json" class="yoast-schema-graph">{"@context":"https:\/\/schema.org","@graph":[{"@type":"WebPage","@id":"https:\/\/vooruit.brussels\/fr\/onze-kandidaten\/nelke-ramael\/","url":"https:\/\/vooruit.brussels\/fr\/onze-kandidaten\/nelke-ramael\/","name":"12. Nelke Ramael - Vooruit.brussels","isPartOf":{"@id":"https:\/\/vooruit.brussels\/en\/#website"},"primaryImageOfPage":{"@id":"https:\/\/vooruit.brussels\/fr\/onze-kandidaten\/nelke-ramael\/#primaryimage"},"image":{"@id":"https:\/\/vooruit.brussels\/fr\/onze-kandidaten\/nelke-ramael\/#primaryimage"},"thumbnailUrl":"https:\/\/vooruit.brussels\/wp-content\/uploads\/2024\/04\/BRU_EFF_12_RAMAEL_S.jpg","datePublished":"2024-04-19T08:28:38+00:00","dateModified":"2024-05-07T08:20:37+00:00","description":"Wij hebben nood aan goed verlichte straten, betrouwbaar openbaar vervoer en veilige ontmoetingsplaatsen. Het aanpakken van genderongelijkheid is daarom essentieel voor het creëren van een veilige en inclusieve stad. Alle burgers moeten zich vrij en beschermd voelen. Enkel zo zorgen we voor een stad op mensenmaat. ","breadcrumb":{"@id":"https:\/\/vooruit.brussels\/fr\/onze-kandidaten\/nelke-ramael\/#breadcrumb"},"inLanguage":"fr-BE","potentialAction":[{"@type":"ReadAction","target":["https:\/\/vooruit.brussels\/fr\/onze-kandidaten\/nelke-ramael\/"]}]},{"@type":"ImageObject","inLanguage":"fr-BE","@id":"https:\/\/vooruit.brussels\/fr\/onze-kandidaten\/nelke-ramael\/#primaryimage","url":"https:\/\/vooruit.brussels\/wp-content\/uploads\/2024\/04\/BRU_EFF_12_RAMAEL_S.jpg","contentUrl":"https:\/\/vooruit.brussels\/wp-content\/uploads\/2024\/04\/BRU_EFF_12_RAMAEL_S.jpg","width":450,"height":600},{"@type":"BreadcrumbList","@id":"https:\/\/vooruit.brussels\/fr\/onze-kandidaten\/nelke-ramael\/#breadcrumb","itemListElement":[{"@type":"ListItem","position":1,"name":"Accueil","item":"https:\/\/vooruit.brussels\/en\/"},{"@type":"ListItem","position":2,"name":"Kandidaten","item":"https:\/\/vooruit.brussels\/en\/onze-kandidaten\/"},{"@type":"ListItem","position":3,"name":"12. Nelke Ramael"}]},{"@type":"WebSite","@id":"https:\/\/vooruit.brussels\/en\/#website","url":"https:\/\/vooruit.brussels\/en\/","name":"Vooruit.brussels","description":"","potentialAction":[{"@type":"SearchAction","target":{"@type":"EntryPoint","urlTemplate":"https:\/\/vooruit.brussels\/en\/?s={search_term_string}"},"query-input":{"@type":"PropertyValueSpecification","valueRequired":true,"valueName":"search_term_string"}}],"inLanguage":"fr-BE"}]}</script>
<!-- / Yoast SEO plugin. -->

Il faut des rues bien éclairées, des transports publics fiables et des espaces de rencontre sûrs. Il est donc essentiel de s’attaquer aux inégalités de genre pour créer une ville sûre et inclusive. Tout le monde doit se sentir libre et protégé. Ce n’est qu’ainsi que nous créerons une cille à taille humaine.

Wij hebben nood aan goed verlichte straten, betrouwbaar openbaar vervoer en veilige ontmoetingsplaatsen. Het aanpakken van genderongelijkheid is daarom essentieel voor het creëren van een veilige en inclusieve stad. Alle burgers moeten zich vrij en beschermd voelen. Enkel zo zorgen we voor een stad op mensenmaat.
